CRAN Package Check Results for Package fastText

Last updated on 2022-09-28 12:55:17 CEST.

Flavor Version Tinstall Tcheck Ttotal Status Flags
r-devel-linux-x86_64-debian-clang 1.0.2 63.11 87.43 150.54 OK
r-devel-linux-x86_64-debian-gcc 1.0.2 48.99 64.65 113.64 OK
r-devel-linux-x86_64-fedora-clang 1.0.2 233.56 OK
r-devel-linux-x86_64-fedora-gcc 1.0.2 217.86 OK
r-devel-windows-x86_64 1.0.2 86.00 178.00 264.00 OK
r-patched-linux-x86_64 1.0.2 59.00 80.70 139.70 OK
r-release-linux-x86_64 1.0.2 54.71 81.06 135.77 OK
r-release-macos-arm64 1.0.2 53.00 NOTE
r-release-macos-x86_64 1.0.2 116.00 NOTE
r-release-windows-x86_64 1.0.2 90.00 181.00 271.00 OK
r-oldrel-macos-arm64 1.0.2 58.00 NOTE
r-oldrel-macos-x86_64 1.0.2 87.00 NOTE
r-oldrel-windows-ix86+x86_64 1.0.2 164.00 213.00 377.00 NOTE

Check Details

Version: 1.0.2
Check: installed package size
Result: NOTE
     installed size is 6.5Mb
     sub-directories of 1Mb or more:
     doc 1.7Mb
     libs 3.8Mb
Flavors: r-release-macos-arm64, r-release-macos-x86_64, r-oldrel-macos-arm64, r-oldrel-macos-x86_64, r-oldrel-windows-ix86+x86_64