CRAN Package Check Results for Package fastR2

Last updated on 2020-07-02 12:49:24 CEST.

Flavor Version Tinstall Tcheck Ttotal Status Flags
r-devel-linux-x86_64-debian-clang 1.2.1 15.87 128.02 143.89 OK
r-devel-linux-x86_64-debian-gcc 1.2.1 12.51 97.45 109.96 OK
r-devel-linux-x86_64-fedora-clang 1.2.1 174.57 OK
r-devel-linux-x86_64-fedora-gcc 1.2.1 166.51 OK
r-devel-windows-ix86+x86_64 1.2.1 56.00 220.00 276.00 OK
r-patched-linux-x86_64 1.2.1 13.45 124.05 137.50 OK
r-patched-solaris-x86 1.2.1 241.00 OK
r-release-linux-x86_64 1.2.1 13.50 125.17 138.67 OK
r-release-osx-x86_64 1.2.1 WARN
r-release-windows-ix86+x86_64 1.2.1 36.00 161.00 197.00 OK
r-oldrel-osx-x86_64 1.2.1 OK
r-oldrel-windows-ix86+x86_64 1.2.1 82.00 206.00 288.00 OK

Check Details

Version: 1.2.1
Check: package dependencies
Result: NOTE
    Package suggested but not available for checking: ‘mosaicCalc’
Flavor: r-release-osx-x86_64

Version: 1.2.1
Check: re-building of vignette outputs
Result: WARN
    Error(s) in re-building vignettes:
     ...
    --- re-building ‘Errata2e.Rmd’ using rmarkdown
    dyld: lazy symbol binding failed: Symbol not found: ____chkstk_darwin
     Referenced from: /usr/local/bin/pandoc (which was built for Mac OS X 10.15)
     Expected in: /usr/lib/libSystem.B.dylib
    
    dyld: Symbol not found: ____chkstk_darwin
     Referenced from: /usr/local/bin/pandoc (which was built for Mac OS X 10.15)
     Expected in: /usr/lib/libSystem.B.dylib
    
    Error: processing vignette 'Errata2e.Rmd' failed with diagnostics:
    pandoc document conversion failed with error 6
    --- failed re-building ‘Errata2e.Rmd’
    
    SUMMARY: processing the following file failed:
     ‘Errata2e.Rmd’
    
    Error: Vignette re-building failed.
    Execution halted
Flavor: r-release-osx-x86_64