Last updated on 2023-03-24 03:54:15 CET.
Flavor | Version | Tinstall | Tcheck | Ttotal | Status | Flags |
---|---|---|---|---|---|---|
r-devel-linux-x86_64-debian-clang | 0.6.0 | 72.64 | 135.38 | 208.02 | OK | |
r-devel-linux-x86_64-debian-gcc | 0.6.0 | 54.39 | 101.70 | 156.09 | OK | |
r-devel-linux-x86_64-fedora-clang | 0.6.0 | 273.95 | NOTE | |||
r-devel-linux-x86_64-fedora-gcc | 0.6.0 | 250.35 | OK | |||
r-patched-linux-x86_64 | 0.6.0 | 57.13 | 128.99 | 186.12 | OK | |
r-release-linux-x86_64 | 0.6.0 | 62.63 | 129.16 | 191.79 | OK | |
r-release-macos-arm64 | 0.6.0 | 71.00 | NOTE | |||
r-release-macos-x86_64 | 0.6.0 | 134.00 | NOTE | |||
r-release-windows-x86_64 | 0.6.0 | 69.00 | 185.00 | 254.00 | NOTE | |
r-oldrel-macos-arm64 | 0.6.0 | 79.00 | NOTE | |||
r-oldrel-macos-x86_64 | 0.6.0 | 117.00 | NOTE | |||
r-oldrel-windows-ix86+x86_64 | 0.6.0 | 153.00 | 211.00 | 364.00 | NOTE |
Version: 0.6.0
Check: installed package size
Result: NOTE
installed size is 5.4Mb
sub-directories of 1Mb or more:
data 4.9Mb
Flavors: r-devel-linux-x86_64-fedora-clang, r-release-macos-arm64, r-release-macos-x86_64, r-release-windows-x86_64, r-oldrel-macos-arm64, r-oldrel-macos-x86_64, r-oldrel-windows-ix86+x86_64