Last updated on 2023-09-23 05:57:56 CEST.
Flavor | Version | Tinstall | Tcheck | Ttotal | Status | Flags |
---|---|---|---|---|---|---|
r-devel-linux-x86_64-debian-clang | 1.1.1 | 7.68 | 45.40 | 53.08 | OK | |
r-devel-linux-x86_64-debian-gcc | 1.1.1 | 5.57 | 34.57 | 40.14 | OK | |
r-devel-linux-x86_64-fedora-clang | 1.1.1 | 68.73 | NOTE | |||
r-devel-linux-x86_64-fedora-gcc | 1.1.1 | 62.70 | OK | |||
r-devel-windows-x86_64 | 1.1.1 | 10.00 | 58.00 | 68.00 | OK | |
r-patched-linux-x86_64 | 1.1.1 | 5.87 | 44.30 | 50.17 | OK | |
r-release-linux-x86_64 | 1.1.1 | 5.34 | 43.62 | 48.96 | OK | |
r-release-macos-arm64 | 1.1.1 | 28.00 | OK | |||
r-release-macos-x86_64 | 1.1.1 | 38.00 | OK | |||
r-release-windows-x86_64 | 1.1.1 | 13.00 | 61.00 | 74.00 | OK | |
r-oldrel-macos-arm64 | 1.1.1 | 23.00 | OK | |||
r-oldrel-macos-x86_64 | 1.1.1 | 48.00 | NOTE | |||
r-oldrel-windows-x86_64 | 1.1.1 | 11.00 | 65.00 | 76.00 | OK |
Version: 1.1.1
Check: Rd cross-references
Result: NOTE
Undeclared package ‘RWeka’ in Rd xrefs
Flavor: r-devel-linux-x86_64-fedora-clang
Version: 1.1.1
Check: Rd cross-references
Result: NOTE
Package unavailable to check Rd xrefs: ‘RWeka’
Flavor: r-oldrel-macos-x86_64