Last updated on 2024-04-23 05:58:10 CEST.
Flavor | Version | Tinstall | Tcheck | Ttotal | Status | Flags |
---|---|---|---|---|---|---|
r-devel-linux-x86_64-debian-clang | 1.1.1 | 7.55 | 46.45 | 54.00 | OK | |
r-devel-linux-x86_64-debian-gcc | 1.1.1 | 5.34 | 34.54 | 39.88 | OK | |
r-devel-linux-x86_64-fedora-clang | 1.1.1 | 64.63 | NOTE | |||
r-devel-linux-x86_64-fedora-gcc | 1.1.1 | 62.46 | OK | |||
r-prerel-macos-arm64 | 1.1.1 | 26.00 | OK | |||
r-prerel-windows-x86_64 | 1.1.1 | 13.00 | 54.00 | 67.00 | OK | |
r-patched-linux-x86_64 | 1.1.1 | 6.60 | 43.66 | 50.26 | OK | |
r-release-linux-x86_64 | 1.1.1 | 5.54 | 44.18 | 49.72 | OK | |
r-release-macos-arm64 | 1.1.1 | 28.00 | OK | |||
r-release-macos-x86_64 | 1.1.1 | 38.00 | OK | |||
r-release-windows-x86_64 | 1.1.1 | 12.00 | 62.00 | 74.00 | OK | |
r-oldrel-macos-arm64 | 1.1.1 | 23.00 | OK | |||
r-oldrel-windows-x86_64 | 1.1.1 | 11.00 | 64.00 | 75.00 | OK |
Version: 1.1.1
Check: Rd cross-references
Result: NOTE
Undeclared package ‘RWeka’ in Rd xrefs
Flavor: r-devel-linux-x86_64-fedora-clang