CRAN Package Check Results for Package faq

Last updated on 2023-12-06 12:53:33 CET.

Flavor Version Tinstall Tcheck Ttotal Status Flags
r-devel-linux-x86_64-debian-clang 0.1.1 2.91 31.51 34.42 NOTE
r-devel-linux-x86_64-debian-gcc 0.1.1 2.14 25.26 27.40 NOTE
r-devel-linux-x86_64-fedora-clang 0.1.1 44.26 NOTE
r-devel-linux-x86_64-fedora-gcc 0.1.1 53.89 NOTE
r-devel-windows-x86_64 0.1.1 4.00 53.00 57.00 NOTE
r-patched-linux-x86_64 0.1.1 1.88 30.64 32.52 NOTE
r-release-linux-x86_64 0.1.1 1.98 30.66 32.64 NOTE
r-release-macos-arm64 0.1.1 26.00 NOTE
r-release-macos-x86_64 0.1.1 35.00 NOTE
r-release-windows-x86_64 0.1.1 5.00 52.00 57.00 NOTE
r-oldrel-macos-arm64 0.1.1 19.00 NOTE
r-oldrel-macos-x86_64 0.1.1 25.00 NOTE
r-oldrel-windows-x86_64 0.1.1 5.00 55.00 60.00 NOTE

Check Details

Version: 0.1.1
Check: LazyData
Result: NOTE 'LazyData' is specified without a 'data' directory Flavors: r-devel-linux-x86_64-debian-clang, r-devel-linux-x86_64-debian-gcc, r-devel-linux-x86_64-fedora-clang, r-devel-linux-x86_64-fedora-gcc, r-devel-windows-x86_64, r-patched-linux-x86_64, r-release-linux-x86_64, r-release-macos-arm64, r-release-macos-x86_64, r-release-windows-x86_64, r-oldrel-macos-arm64, r-oldrel-macos-x86_64, r-oldrel-windows-x86_64