CRAN Package Check Results for Package fairadapt

Last updated on 2024-06-13 21:49:13 CEST.

Flavor Version Tinstall Tcheck Ttotal Status Flags
r-devel-linux-x86_64-debian-clang 0.2.7 11.02 195.71 206.73 OK
r-devel-linux-x86_64-debian-gcc 0.2.7 0.43 1.70 2.13 ERROR
r-devel-linux-x86_64-fedora-clang 0.2.7 271.29 OK
r-devel-linux-x86_64-fedora-gcc 0.2.7 271.45 OK
r-devel-windows-x86_64 0.2.7 10.00 224.00 234.00 OK
r-patched-linux-x86_64 0.2.7 10.47 191.60 202.07 OK
r-release-linux-x86_64 0.2.7 8.51 185.48 193.99 OK
r-release-macos-arm64 0.2.7 95.00 ERROR
r-release-macos-x86_64 0.2.7 130.00 OK
r-release-windows-x86_64 0.2.7 12.00 225.00 237.00 OK
r-oldrel-macos-arm64 0.2.7 107.00 ERROR
r-oldrel-macos-x86_64 0.2.7 182.00 OK
r-oldrel-windows-x86_64 0.2.7 13.00 319.00 332.00 OK

Check Details

Version: 0.2.7
Check: package dependencies
Result: ERROR Packages required but not available: 'igraph', 'ggplot2', 'cowplot' Packages suggested but not available for checking: 'testthat', 'magick', 'ggraph' See section ‘The DESCRIPTION file’ in the ‘Writing R Extensions’ manual. Flavor: r-devel-linux-x86_64-debian-gcc

Version: 0.2.7
Check: re-building of vignette outputs
Result: ERROR Error(s) in re-building vignettes: --- re-building ‘jss.Rmd’ using rmarkdown This is pdfTeX, Version 3.141592653-2.6-1.40.24 (TeX Live 2022) (preloaded format=pdflatex) restricted \write18 enabled. entering extended mode kpathsea: Running mktexpk --mfmode / --bdpi 600 --mag 1+57/600 --dpi 657 bbm10 mkdir: ././opt/tex/texmf-var/fonts/pk/ljfour/public: Permission denied mktexpk: /opt/tex/texmf-dist/web2c/mktexdir /opt/tex/texmf-var/fonts/pk/ljfour/public/bbm failed. kpathsea: Appending font creation commands to missfont.log. This is pdfTeX, Version 3.141592653-2.6-1.40.24 (TeX Live 2022) (preloaded format=pdflatex) restricted \write18 enabled. entering extended mode kpathsea: Running mktexpk --mfmode / --bdpi 600 --mag 1+57/600 --dpi 657 bbm10 mkdir: ././opt/tex/texmf-var/fonts/pk/ljfour/public: Permission denied mktexpk: /opt/tex/texmf-dist/web2c/mktexdir /opt/tex/texmf-var/fonts/pk/ljfour/public/bbm failed. kpathsea: Appending font creation commands to missfont.log. This is pdfTeX, Version 3.141592653-2.6-1.40.24 (TeX Live 2022) (preloaded format=pdflatex) restricted \write18 enabled. entering extended mode kpathsea: Running mktexpk --mfmode / --bdpi 600 --mag 1+57/600 --dpi 657 bbm10 mkdir: ././opt/tex/texmf-var/fonts/pk/ljfour/public: Permission denied mktexpk: /opt/tex/texmf-dist/web2c/mktexdir /opt/tex/texmf-var/fonts/pk/ljfour/public/bbm failed. kpathsea: Appending font creation commands to missfont.log. Error: processing vignette 'jss.Rmd' failed with diagnostics: LaTeX failed to compile /Volumes/Builds/packages/big-sur-arm64/results/4.4/fairadapt.Rcheck/vign_test/fairadapt/vignettes/jss.tex. See https://yihui.org/tinytex/r/#debugging for debugging tips. --- failed re-building ‘jss.Rmd’ SUMMARY: processing the following file failed: ‘jss.Rmd’ Error: Vignette re-building failed. Execution halted Flavor: r-release-macos-arm64

Version: 0.2.7
Check: running R code from vignettes
Result: ERROR Errors in running code in vignettes: when running code in ‘jss.Rmd’ ... 6 0 M 0 > set.seed(2022) > fa_boot_quant <- fairadaptBoot(two_year_recid ~ ., + "race", cmp_mat, cmp_trn, cmp_tst, rand.mode = "quant", n.boot = n_itr) When sourcing 'jss.R': Error: object 'cmp_trn' not found Execution halted ‘jss.Rmd’ using ‘UTF-8’... failed Flavor: r-oldrel-macos-arm64

Version: 0.2.7
Check: re-building of vignette outputs
Result: NOTE Error(s) in re-building vignettes: --- re-building ‘jss.Rmd’ using rmarkdown This is pdfTeX, Version 3.141592653-2.6-1.40.24 (TeX Live 2022) (preloaded format=pdflatex) restricted \write18 enabled. entering extended mode kpathsea: Running mktexpk --mfmode / --bdpi 600 --mag 1+57/600 --dpi 657 bbm10 mkdir: ././opt/tex/texmf-var/fonts/pk/ljfour/public: Permission denied mktexpk: /opt/tex/texmf-dist/web2c/mktexdir /opt/tex/texmf-var/fonts/pk/ljfour/public/bbm failed. kpathsea: Appending font creation commands to missfont.log. This is pdfTeX, Version 3.141592653-2.6-1.40.24 (TeX Live 2022) (preloaded format=pdflatex) restricted \write18 enabled. entering extended mode kpathsea: Running mktexpk --mfmode / --bdpi 600 --mag 1+57/600 --dpi 657 bbm10 mkdir: ././opt/tex/texmf-var/fonts/pk/ljfour/public: Permission denied mktexpk: /opt/tex/texmf-dist/web2c/mktexdir /opt/tex/texmf-var/fonts/pk/ljfour/public/bbm failed. kpathsea: Appending font creation commands to missfont.log. This is pdfTeX, Version 3.141592653-2.6-1.40.24 (TeX Live 2022) (preloaded format=pdflatex) restricted \write18 enabled. entering extended mode kpathsea: Running mktexpk --mfmode / --bdpi 600 --mag 1+57/600 --dpi 657 bbm10 mkdir: ././opt/tex/texmf-var/fonts/pk/ljfour/public: Permission denied mktexpk: /opt/tex/texmf-dist/web2c/mktexdir /opt/tex/texmf-var/fonts/pk/ljfour/public/bbm failed. kpathsea: Appending font creation commands to missfont.log. Error: processing vignette 'jss.Rmd' failed with diagnostics: LaTeX failed to compile /Volumes/Builds/packages/big-sur-arm64/results/4.3/fairadapt.Rcheck/vign_test/fairadapt/vignettes/jss.tex. See https://yihui.org/tinytex/r/#debugging for debugging tips. --- failed re-building ‘jss.Rmd’ SUMMARY: processing the following file failed: ‘jss.Rmd’ Error: Vignette re-building failed. Execution halted Flavor: r-oldrel-macos-arm64