Last updated on 2023-09-23 21:52:45 CEST.
Flavor | Version | Tinstall | Tcheck | Ttotal | Status | Flags |
---|---|---|---|---|---|---|
r-devel-linux-x86_64-debian-clang | 0.9-1 | 69.60 | 91.52 | 161.12 | OK | |
r-devel-linux-x86_64-debian-gcc | 0.9-1 | 54.75 | 70.82 | 125.57 | OK | |
r-devel-linux-x86_64-fedora-clang | 0.9-1 | 221.97 | OK | |||
r-devel-linux-x86_64-fedora-gcc | 0.9-1 | 236.51 | OK | |||
r-devel-windows-x86_64 | 0.9-1 | 59.00 | 111.00 | 170.00 | OK | |
r-patched-linux-x86_64 | 0.9-1 | 63.20 | 89.04 | 152.24 | OK | |
r-release-linux-x86_64 | 0.9-1 | 69.60 | 91.02 | 160.62 | OK | |
r-release-macos-arm64 | 0.9-1 | 68.00 | NOTE | |||
r-release-macos-x86_64 | 0.9-1 | 192.00 | NOTE | |||
r-release-windows-x86_64 | 0.9-1 | 72.00 | 126.00 | 198.00 | OK | |
r-oldrel-macos-arm64 | 0.9-1 | 61.00 | NOTE | |||
r-oldrel-macos-x86_64 | 0.9-1 | 90.00 | NOTE | |||
r-oldrel-windows-x86_64 | 0.9-1 | 67.00 | 124.00 | 191.00 | OK |
Version: 0.9-1
Check: installed package size
Result: NOTE
installed size is 10.8Mb
sub-directories of 1Mb or more:
libs 10.4Mb
Flavors: r-release-macos-arm64, r-release-macos-x86_64, r-oldrel-macos-arm64, r-oldrel-macos-x86_64