Last updated on 2024-03-28 06:52:48 CET.
Flavor | Version | Tinstall | Tcheck | Ttotal | Status | Flags |
---|---|---|---|---|---|---|
r-devel-linux-x86_64-debian-clang | 1.1.0 | 142.67 | 104.70 | 247.37 | OK | |
r-devel-linux-x86_64-debian-gcc | 1.1.0 | 104.16 | 77.25 | 181.41 | OK | |
r-devel-linux-x86_64-fedora-clang | 1.1.0 | 328.98 | OK | |||
r-devel-linux-x86_64-fedora-gcc | 1.1.0 | 337.12 | OK | |||
r-devel-windows-x86_64 | 1.1.0 | 98.00 | 133.00 | 231.00 | OK | |
r-patched-linux-x86_64 | 1.1.0 | 134.24 | 98.96 | 233.20 | OK | |
r-release-linux-x86_64 | 1.1.0 | 117.33 | 96.66 | 213.99 | OK | |
r-release-macos-arm64 | 1.1.0 | 93.00 | NOTE | |||
r-release-macos-x86_64 | 1.1.0 | 268.00 | NOTE | |||
r-release-windows-x86_64 | 1.1.0 | 122.00 | 148.00 | 270.00 | OK | |
r-oldrel-macos-arm64 | 1.1.0 | 79.00 | NOTE | |||
r-oldrel-windows-x86_64 | 1.1.0 | 114.00 | 142.00 | 256.00 | OK |
Version: 1.1.0
Check: installed package size
Result: NOTE
installed size is 7.5Mb
sub-directories of 1Mb or more:
doc 2.5Mb
libs 4.7Mb
Flavors: r-release-macos-arm64, r-release-macos-x86_64, r-oldrel-macos-arm64