CRAN Package Check Results for Package factormodel

Last updated on 2022-12-09 21:53:44 CET.

Flavor Version Tinstall Tcheck Ttotal Status Flags
r-devel-linux-x86_64-debian-clang 1.0 2.57 46.80 49.37 OK
r-devel-linux-x86_64-debian-gcc 1.0 2.07 35.34 37.41 OK
r-devel-linux-x86_64-fedora-clang 1.0 75.80 NOTE
r-devel-linux-x86_64-fedora-gcc 1.0 77.54 NOTE
r-devel-windows-x86_64 1.0 12.00 81.00 93.00 OK
r-patched-linux-x86_64 1.0 2.81 42.98 45.79 OK
r-release-linux-x86_64 1.0 2.30 42.31 44.61 OK
r-release-macos-arm64 1.0 21.00 NOTE
r-release-macos-x86_64 1.0 39.00 NOTE
r-release-windows-x86_64 1.0 14.00 79.00 93.00 OK
r-oldrel-macos-arm64 1.0 26.00 NOTE
r-oldrel-macos-x86_64 1.0 30.00 NOTE
r-oldrel-windows-ix86+x86_64 1.0 6.00 71.00 77.00 OK

Check Details

Version: 1.0
Check: dependencies in R code
Result: NOTE
    Namespace in Imports field not imported from: ‘dplyr’
     All declared Imports should be used.
Flavors: r-devel-linux-x86_64-fedora-clang, r-devel-linux-x86_64-fedora-gcc, r-release-macos-arm64, r-release-macos-x86_64, r-oldrel-macos-arm64, r-oldrel-macos-x86_64