Last updated on 2023-03-22 21:57:58 CET.
Flavor | Version | Tinstall | Tcheck | Ttotal | Status | Flags |
---|---|---|---|---|---|---|
r-devel-linux-x86_64-debian-clang | 0.2.0 | 8.36 | 80.89 | 89.25 | NOTE | |
r-devel-linux-x86_64-debian-gcc | 0.2.0 | 7.40 | 61.18 | 68.58 | NOTE | |
r-devel-linux-x86_64-fedora-clang | 0.2.0 | 110.97 | NOTE | |||
r-devel-linux-x86_64-fedora-gcc | 0.2.0 | 114.77 | NOTE | |||
r-patched-linux-x86_64 | 0.2.0 | 8.66 | 74.72 | 83.38 | OK | |
r-release-linux-x86_64 | 0.2.0 | 7.10 | 74.29 | 81.39 | OK | |
r-release-macos-arm64 | 0.2.0 | 34.00 | OK | |||
r-release-macos-x86_64 | 0.2.0 | 50.00 | OK | |||
r-release-windows-x86_64 | 0.2.0 | 26.00 | 109.00 | 135.00 | OK | |
r-oldrel-macos-arm64 | 0.2.0 | 43.00 | OK | |||
r-oldrel-macos-x86_64 | 0.2.0 | 62.00 | OK | |||
r-oldrel-windows-ix86+x86_64 | 0.2.0 | 18.00 | 101.00 | 119.00 | OK |
Version: 0.2.0
Check: package subdirectories
Result: NOTE
Problems with news in ‘NEWS.md’:
Cannot extract version info from the following section titles:
minor changes
Flavors: r-devel-linux-x86_64-debian-clang, r-devel-linux-x86_64-debian-gcc, r-devel-linux-x86_64-fedora-clang, r-devel-linux-x86_64-fedora-gcc