Last updated on 2024-04-18 06:09:46 CEST.
Flavor | Version | Tinstall | Tcheck | Ttotal | Status | Flags |
---|---|---|---|---|---|---|
r-devel-linux-x86_64-debian-clang | 1.0.7 | 10.63 | 120.69 | 131.32 | NOTE | |
r-devel-linux-x86_64-debian-gcc | 1.0.7 | 8.73 | 87.48 | 96.21 | NOTE | |
r-devel-linux-x86_64-fedora-clang | 1.0.7 | 163.10 | NOTE | |||
r-devel-linux-x86_64-fedora-gcc | 1.0.7 | 153.42 | NOTE | |||
r-prerel-macos-arm64 | 1.0.7 | 44.00 | NOTE | |||
r-prerel-windows-x86_64 | 1.0.7 | 11.00 | 103.00 | 114.00 | NOTE | |
r-patched-linux-x86_64 | 1.0.7 | 9.83 | 113.85 | 123.68 | NOTE | |
r-release-linux-x86_64 | 1.0.7 | 11.60 | 114.78 | 126.38 | OK | |
r-release-macos-arm64 | 1.0.7 | 50.00 | OK | |||
r-release-macos-x86_64 | 1.0.7 | 73.00 | OK | |||
r-release-windows-x86_64 | 1.0.7 | 15.00 | 130.00 | 145.00 | OK | |
r-oldrel-macos-arm64 | 1.0.7 | 42.00 | OK | |||
r-oldrel-windows-x86_64 | 1.0.7 | 15.00 | 121.00 | 136.00 | OK |
Version: 1.0.7
Check: Rd files
Result: NOTE
checkRd: (-1) fviz_nbclust.Rd:75: Lost braces; missing escapes or markup?
75 | (2001) proposed: "the smallest k such that gap(k) >= gap(k+1) - s_{k+1}".
| ^
checkRd: (-1) fviz_nbclust.Rd:77: Lost braces; missing escapes or markup?
77 | SE.factor*s_{k+1}" where SE.factor is a numeric value which can be 1
| ^
Flavors: r-devel-linux-x86_64-debian-clang, r-devel-linux-x86_64-debian-gcc, r-devel-linux-x86_64-fedora-clang, r-devel-linux-x86_64-fedora-gcc, r-prerel-macos-arm64, r-prerel-windows-x86_64, r-patched-linux-x86_64