Last updated on 2023-12-02 02:49:09 CET.
Flavor | Version | Tinstall | Tcheck | Ttotal | Status | Flags |
---|---|---|---|---|---|---|
r-devel-linux-x86_64-debian-clang | 0.1.0 | 5.32 | 46.93 | 52.25 | NOTE | |
r-devel-linux-x86_64-debian-gcc | 0.1.0 | 4.03 | 35.20 | 39.23 | NOTE | |
r-devel-linux-x86_64-fedora-clang | 0.1.0 | 65.82 | NOTE | |||
r-devel-linux-x86_64-fedora-gcc | 0.1.0 | 72.17 | NOTE | |||
r-devel-windows-x86_64 | 0.1.0 | 6.00 | 57.00 | 63.00 | NOTE | |
r-patched-linux-x86_64 | 0.1.0 | 4.19 | 44.21 | 48.40 | NOTE | |
r-release-linux-x86_64 | 0.1.0 | 4.53 | 44.28 | 48.81 | NOTE | |
r-release-macos-arm64 | 0.1.0 | 30.00 | NOTE | |||
r-release-macos-x86_64 | 0.1.0 | 43.00 | NOTE | |||
r-release-windows-x86_64 | 0.1.0 | 8.00 | 61.00 | 69.00 | NOTE | |
r-oldrel-macos-arm64 | 0.1.0 | 25.00 | NOTE | |||
r-oldrel-macos-x86_64 | 0.1.0 | 49.00 | NOTE | |||
r-oldrel-windows-x86_64 | 0.1.0 | 8.00 | 63.00 | 71.00 | NOTE |
Version: 0.1.0
Check: LazyData
Result: NOTE
'LazyData' is specified without a 'data' directory
Flavors: r-devel-linux-x86_64-debian-clang, r-devel-linux-x86_64-debian-gcc, r-devel-linux-x86_64-fedora-clang, r-devel-linux-x86_64-fedora-gcc, r-devel-windows-x86_64, r-patched-linux-x86_64, r-release-linux-x86_64, r-release-macos-arm64, r-release-macos-x86_64, r-release-windows-x86_64, r-oldrel-macos-arm64, r-oldrel-macos-x86_64, r-oldrel-windows-x86_64