Last updated on 2024-03-28 06:52:48 CET.
Flavor | Version | Tinstall | Tcheck | Ttotal | Status | Flags |
---|---|---|---|---|---|---|
r-devel-linux-x86_64-debian-clang | 0.1.0 | 8.20 | 151.85 | 160.05 | NOTE | |
r-devel-linux-x86_64-debian-gcc | 0.1.0 | 6.81 | 114.05 | 120.86 | NOTE | |
r-devel-linux-x86_64-fedora-clang | 0.1.0 | 215.69 | NOTE | |||
r-devel-linux-x86_64-fedora-gcc | 0.1.0 | 185.87 | NOTE | |||
r-devel-windows-x86_64 | 0.1.0 | 9.00 | 129.00 | 138.00 | NOTE | |
r-patched-linux-x86_64 | 0.1.0 | 6.91 | 144.29 | 151.20 | NOTE | |
r-release-linux-x86_64 | 0.1.0 | 0.50 | 1.89 | 2.39 | ERROR | |
r-release-macos-arm64 | 0.1.0 | 58.00 | NOTE | |||
r-release-macos-x86_64 | 0.1.0 | 84.00 | NOTE | |||
r-release-windows-x86_64 | 0.1.0 | 11.00 | 159.00 | 170.00 | NOTE | |
r-oldrel-macos-arm64 | 0.1.0 | 54.00 | NOTE | |||
r-oldrel-windows-x86_64 | 0.1.0 | 11.00 | 161.00 | 172.00 | NOTE |
Version: 0.1.0
Check: LazyData
Result: NOTE
'LazyData' is specified without a 'data' directory
Flavors: r-devel-linux-x86_64-debian-clang, r-devel-linux-x86_64-debian-gcc, r-devel-linux-x86_64-fedora-clang, r-devel-linux-x86_64-fedora-gcc, r-devel-windows-x86_64, r-patched-linux-x86_64, r-release-macos-arm64, r-release-macos-x86_64, r-release-windows-x86_64, r-oldrel-macos-arm64, r-oldrel-windows-x86_64
Version: 0.1.0
Check: Rd cross-references
Result: NOTE
Undeclared package ‘tibble’ in Rd xrefs
Flavor: r-devel-linux-x86_64-fedora-clang
Version: 0.1.0
Check: package dependencies
Result: ERROR
Package required but not available: ‘prophet’
See section ‘The DESCRIPTION file’ in the ‘Writing R Extensions’
manual.
Flavor: r-release-linux-x86_64