Last updated on 2023-03-31 12:54:11 CEST.
Flavor | Version | Tinstall | Tcheck | Ttotal | Status | Flags |
---|---|---|---|---|---|---|
r-devel-linux-x86_64-debian-clang | 5.0 | 53.28 | 114.62 | 167.90 | NOTE | |
r-devel-linux-x86_64-debian-gcc | 5.0 | 44.32 | 84.76 | 129.08 | NOTE | |
r-devel-linux-x86_64-fedora-clang | 5.0 | 220.87 | NOTE | |||
r-devel-linux-x86_64-fedora-gcc | 5.0 | 204.03 | NOTE | |||
r-devel-windows-x86_64 | 5.0 | 88.00 | 0.00 | 88.00 | NOTE | |
r-patched-linux-x86_64 | 5.0 | 50.26 | 107.55 | 157.81 | NOTE | |
r-release-linux-x86_64 | 5.0 | 42.68 | 107.95 | 150.63 | OK | |
r-release-macos-arm64 | 5.0 | 54.00 | OK | |||
r-release-macos-x86_64 | 5.0 | 96.00 | OK | |||
r-release-windows-x86_64 | 5.0 | 70.00 | 181.00 | 251.00 | OK | |
r-oldrel-macos-arm64 | 5.0 | 61.00 | OK | |||
r-oldrel-macos-x86_64 | 5.0 | 88.00 | OK | |||
r-oldrel-windows-ix86+x86_64 | 5.0 | 120.00 | 169.00 | 289.00 | OK |
Version: 5.0
Check: C++ specification
Result: NOTE
Specified C++11: please drop specification unless essential
Flavors: r-devel-linux-x86_64-debian-clang, r-devel-linux-x86_64-debian-gcc, r-devel-linux-x86_64-fedora-clang, r-devel-linux-x86_64-fedora-gcc, r-devel-windows-x86_64, r-patched-linux-x86_64