CRAN Package Check Results for Package fTrading

Last updated on 2025-04-30 12:49:04 CEST.

Flavor Version Tinstall Tcheck Ttotal Status Flags
r-devel-linux-x86_64-debian-clang 3042.79 4.47 45.79 50.26 NOTE
r-devel-linux-x86_64-debian-gcc 3042.79 3.80 32.90 36.70 NOTE
r-devel-linux-x86_64-fedora-clang 3042.79 79.94 OK
r-devel-linux-x86_64-fedora-gcc 3042.79 75.41 OK
r-devel-windows-x86_64 3042.79 6.00 63.00 69.00 OK
r-patched-linux-x86_64 3042.79 4.97 43.61 48.58 OK
r-release-linux-x86_64 3042.79 4.43 43.96 48.39 OK
r-release-macos-arm64 3042.79 27.00 OK
r-release-macos-x86_64 3042.79 43.00 OK
r-release-windows-x86_64 3042.79 6.00 61.00 67.00 OK
r-oldrel-macos-arm64 3042.79 26.00 NOTE
r-oldrel-macos-x86_64 3042.79 36.00 NOTE
r-oldrel-windows-x86_64 3042.79 7.00 71.00 78.00 NOTE

Check Details

Version: 3042.79
Check: CRAN incoming feasibility
Result: NOTE Maintainer: ‘Tobias Setz <tobias.setz@live.com>’ No Authors@R field in DESCRIPTION. Please add one, modifying Authors@R: c(person(given = "Diethelm", family = "Wuertz", role = "aut"), person(given = "Tobias", family = "Setz", role = "cre", email = "tobias.setz@live.com"), person(given = "Yohan", family = "Chalabi", role = "ctb")) as necessary. Flavors: r-devel-linux-x86_64-debian-clang, r-devel-linux-x86_64-debian-gcc

Version: 3042.79
Check: LazyData
Result: NOTE 'LazyData' is specified without a 'data' directory Flavors: r-oldrel-macos-arm64, r-oldrel-macos-x86_64, r-oldrel-windows-x86_64