Last updated on 2025-04-30 12:49:03 CEST.
Flavor | Version | Tinstall | Tcheck | Ttotal | Status | Flags |
---|---|---|---|---|---|---|
r-devel-linux-x86_64-debian-clang | 4031.84 | 6.03 | 63.20 | 69.23 | NOTE | |
r-devel-linux-x86_64-debian-gcc | 4031.84 | 4.20 | 44.14 | 48.34 | NOTE | |
r-devel-linux-x86_64-fedora-clang | 4031.84 | 109.34 | OK | |||
r-devel-linux-x86_64-fedora-gcc | 4031.84 | 103.05 | OK | |||
r-devel-windows-x86_64 | 4031.84 | 7.00 | 82.00 | 89.00 | OK | |
r-patched-linux-x86_64 | 4031.84 | 6.62 | 59.93 | 66.55 | OK | |
r-release-linux-x86_64 | 4031.84 | 5.85 | 60.39 | 66.24 | OK | |
r-release-macos-arm64 | 4031.84 | 35.00 | OK | |||
r-release-macos-x86_64 | 4031.84 | 62.00 | OK | |||
r-release-windows-x86_64 | 4031.84 | 7.00 | 81.00 | 88.00 | OK | |
r-oldrel-macos-arm64 | 4031.84 | 31.00 | OK | |||
r-oldrel-macos-x86_64 | 4031.84 | 54.00 | OK | |||
r-oldrel-windows-x86_64 | 4031.84 | 8.00 | 95.00 | 103.00 | OK |
Version: 4031.84
Check: CRAN incoming feasibility
Result: NOTE
Maintainer: ‘Stefan Theussl <Stefan.Theussl@R-Project.org>’
The Description field contains
<arXiv:0911.2093> to manage, investigate and analyze bivariate and
Please refer to arXiv e-prints via their arXiv DOI <doi:10.48550/arXiv.YYMM.NNNNN>.
Flavors: r-devel-linux-x86_64-debian-clang, r-devel-linux-x86_64-debian-gcc
Version: 4031.84
Check: examples
Result: NOTE
Examples with CPU (user + system) or elapsed time > 5s
user system elapsed
bvdist-t2d 4.366 0.00 5.370
bvdist-norm2d 3.757 0.01 5.341
Flavor: r-devel-linux-x86_64-debian-clang