Last updated on 2022-06-26 12:54:46 CEST.
Flavor | Version | Tinstall | Tcheck | Ttotal | Status | Flags |
---|---|---|---|---|---|---|
r-devel-linux-x86_64-debian-clang | 3042.82.1 | 20.05 | 237.63 | 257.68 | NOTE | |
r-devel-linux-x86_64-debian-gcc | 3042.82.1 | 15.35 | 168.93 | 184.28 | NOTE | |
r-devel-linux-x86_64-fedora-clang | 3042.82.1 | 324.67 | NOTE | |||
r-devel-linux-x86_64-fedora-gcc | 3042.82.1 | 311.47 | NOTE | |||
r-devel-windows-x86_64 | 3042.82.1 | 60.00 | 255.00 | 315.00 | NOTE | |
r-patched-linux-x86_64 | 3042.82.1 | 19.26 | 228.03 | 247.29 | NOTE | |
r-release-linux-x86_64 | 3042.82.1 | 13.87 | 229.41 | 243.28 | NOTE | |
r-release-macos-arm64 | 3042.82.1 | 71.00 | NOTE | |||
r-release-macos-x86_64 | 3042.82.1 | 102.00 | NOTE | |||
r-release-windows-x86_64 | 3042.82.1 | 71.00 | 256.00 | 327.00 | NOTE | |
r-oldrel-macos-arm64 | 3042.82.1 | 95.00 | NOTE | |||
r-oldrel-macos-x86_64 | 3042.82.1 | 115.00 | NOTE | |||
r-oldrel-windows-ix86+x86_64 | 3042.82.1 | 34.00 | 280.00 | 314.00 | NOTE |
Version: 3042.82.1
Check: LazyData
Result: NOTE
'LazyData' is specified without a 'data' directory
Flavors: r-devel-linux-x86_64-debian-clang, r-devel-linux-x86_64-debian-gcc, r-devel-linux-x86_64-fedora-clang, r-devel-linux-x86_64-fedora-gcc, r-devel-windows-x86_64, r-patched-linux-x86_64, r-release-linux-x86_64, r-release-macos-arm64, r-release-macos-x86_64, r-release-windows-x86_64, r-oldrel-macos-arm64, r-oldrel-macos-x86_64, r-oldrel-windows-ix86+x86_64