CRAN Package Check Results for Package ezpickr

Last updated on 2020-07-15 06:48:01 CEST.

Flavor Version Tinstall Tcheck Ttotal Status Flags
r-devel-linux-x86_64-debian-clang 2.0.0 2.21 25.96 28.17 OK
r-devel-linux-x86_64-debian-gcc 2.0.0 1.80 20.19 21.99 OK
r-devel-linux-x86_64-fedora-clang 2.0.0 42.45 OK
r-devel-linux-x86_64-fedora-gcc 2.0.0 35.19 OK
r-devel-windows-ix86+x86_64 2.0.0 12.00 59.00 71.00 OK
r-patched-linux-x86_64 2.0.0 2.37 25.82 28.19 OK
r-patched-solaris-x86 2.0.0 50.40 OK
r-release-linux-x86_64 2.0.0 2.31 25.68 27.99 OK
r-release-macos-x86_64 2.0.0 FAIL
r-release-windows-ix86+x86_64 2.0.0 13.00 82.00 95.00 WARN
r-oldrel-macos-x86_64 2.0.0 OK
r-oldrel-windows-ix86+x86_64 2.0.0 7.00 65.00 72.00 OK

Check Details

Version: 2.0.0
Check: DESCRIPTION meta-information
Result: FAIL
Flavor: r-release-macos-x86_64

Version: 2.0.0
Check: re-building of vignette outputs
Result: WARN
    Error(s) in re-building vignettes:
    --- re-building 'ezpickr_vignette.Rmd' using rmarkdown
    pandoc.exe: Could not fetch https://codecov.io/gh/jooyoungseo/ezpickr/branch/master/graph/badge.svg
    HttpExceptionRequest Request {
     host = "codecov.io"
     port = 443
     secure = True
     requestHeaders = []
     path = "/gh/jooyoungseo/ezpickr/branch/master/graph/badge.svg"
     queryString = ""
     method = "GET"
     proxy = Nothing
     rawBody = False
     redirectCount = 10
     responseTimeout = ResponseTimeoutDefault
     requestVersion = HTTP/1.1
    }
     (InternalException (HostCannotConnect "codecov.io" [connect: failed (Connection timed out (WSAETIMEDOUT))]))
    Error: processing vignette 'ezpickr_vignette.Rmd' failed with diagnostics:
    pandoc document conversion failed with error 67
    --- failed re-building 'ezpickr_vignette.Rmd'
    
    SUMMARY: processing the following file failed:
     'ezpickr_vignette.Rmd'
    
    Error: Vignette re-building failed.
    Execution halted
Flavor: r-release-windows-ix86+x86_64