CRAN Package Check Results for Package ezCutoffs

Last updated on 2022-05-26 21:50:05 CEST.

Flavor Version Tinstall Tcheck Ttotal Status Flags
r-devel-linux-x86_64-debian-clang 1.0.1 5.85 76.54 82.39 NOTE
r-devel-linux-x86_64-debian-gcc 1.0.1 5.66 65.36 71.02 NOTE
r-devel-linux-x86_64-fedora-clang 1.0.1 96.70 NOTE
r-devel-linux-x86_64-fedora-gcc 1.0.1 95.40 NOTE
r-devel-windows-x86_64 1.0.1 19.00 89.00 108.00 NOTE
r-patched-linux-x86_64 1.0.1 6.70 70.93 77.63 NOTE
r-release-linux-x86_64 1.0.1 5.50 73.00 78.50 NOTE
r-release-macos-arm64 1.0.1 27.00 NOTE
r-release-macos-x86_64 1.0.1 52.00 NOTE
r-release-windows-x86_64 1.0.1 15.00 92.00 107.00 NOTE
r-oldrel-macos-arm64 1.0.1 33.00 NOTE
r-oldrel-macos-x86_64 1.0.1 51.00 NOTE
r-oldrel-windows-ix86+x86_64 1.0.1 17.00 84.00 101.00 NOTE

Check Details

Version: 1.0.1
Check: LazyData
Result: NOTE
     'LazyData' is specified without a 'data' directory
Flavors: r-devel-linux-x86_64-debian-clang, r-devel-linux-x86_64-debian-gcc, r-devel-linux-x86_64-fedora-clang, r-devel-linux-x86_64-fedora-gcc, r-devel-windows-x86_64, r-patched-linux-x86_64, r-release-linux-x86_64, r-release-macos-arm64, r-release-macos-x86_64, r-release-windows-x86_64, r-oldrel-macos-arm64, r-oldrel-macos-x86_64, r-oldrel-windows-ix86+x86_64