CRAN Package Check Results for Package eyetrackingR

Last updated on 2022-05-17 06:53:07 CEST.

Flavor Version Tinstall Tcheck Ttotal Status Flags
r-devel-linux-x86_64-debian-clang 0.2.0 8.92 573.63 582.55 OK
r-devel-linux-x86_64-debian-gcc 0.2.0 8.28 407.33 415.61 OK
r-devel-linux-x86_64-fedora-clang 0.2.0 636.23 NOTE
r-devel-linux-x86_64-fedora-gcc 0.2.0 646.67 NOTE
r-devel-windows-x86_64 0.2.0 93.00 546.00 639.00 NOTE
r-patched-linux-x86_64 0.2.0 7.74 531.35 539.09 OK
r-release-linux-x86_64 0.2.0 6.55 524.72 531.27 OK
r-release-macos-arm64 0.2.0 156.00 NOTE
r-release-macos-x86_64 0.2.0 318.00 NOTE
r-release-windows-x86_64 0.2.0 91.00 570.00 661.00 NOTE
r-oldrel-macos-arm64 0.2.0 168.00 NOTE
r-oldrel-macos-x86_64 0.2.0 202.00 NOTE
r-oldrel-windows-ix86+x86_64 0.2.0 22.00 628.00 650.00 NOTE

Check Details

Version: 0.2.0
Check: dependencies in R code
Result: NOTE
    Namespace in Imports field not imported from: ‘rlang’
     All declared Imports should be used.
Flavors: r-devel-linux-x86_64-fedora-clang, r-devel-linux-x86_64-fedora-gcc, r-release-macos-arm64, r-release-macos-x86_64, r-oldrel-macos-arm64, r-oldrel-macos-x86_64

Version: 0.2.0
Check: package dependencies
Result: NOTE
    Package suggested but not available for checking: 'doMC'
Flavors: r-devel-windows-x86_64, r-release-windows-x86_64, r-oldrel-windows-ix86+x86_64