Last updated on 2023-03-20 12:51:08 CET.
Flavor | Version | Tinstall | Tcheck | Ttotal | Status | Flags |
---|---|---|---|---|---|---|
r-devel-linux-x86_64-debian-clang | 1.2.1 | OK | ||||
r-devel-linux-x86_64-debian-gcc | 1.2.1 | 7.88 | 69.46 | 77.34 | OK | |
r-devel-linux-x86_64-fedora-clang | 1.2.1 | 123.79 | NOTE | |||
r-devel-linux-x86_64-fedora-gcc | 1.2.1 | 119.47 | NOTE | |||
r-devel-windows-x86_64 | 1.2.1 | 20.00 | 114.00 | 134.00 | OK | |
r-patched-linux-x86_64 | 1.2.1 | 11.39 | 80.84 | 92.23 | OK | |
r-release-linux-x86_64 | 1.2.1 | 11.86 | 80.42 | 92.28 | OK | |
r-release-macos-arm64 | 1.2.1 | 37.00 | OK | |||
r-release-macos-x86_64 | 1.2.1 | 51.00 | OK | |||
r-release-windows-x86_64 | 1.2.1 | 28.00 | 109.00 | 137.00 | OK | |
r-oldrel-macos-arm64 | 1.2.1 | 40.00 | OK | |||
r-oldrel-macos-x86_64 | 1.2.1 | 52.00 | OK | |||
r-oldrel-windows-ix86+x86_64 | 1.2.1 | 25.00 | 134.00 | 159.00 | OK |
Version: 1.2.1
Check: compiled code
Result: NOTE
File ‘extremis/libs/extremis.so’:
Found no calls to: ‘R_registerRoutines’, ‘R_useDynamicSymbols’
It is good practice to register native routines and to disable symbol
search.
See ‘Writing portable packages’ in the ‘Writing R Extensions’ manual.
Flavors: r-devel-linux-x86_64-fedora-clang, r-devel-linux-x86_64-fedora-gcc