Last updated on 2023-03-30 21:49:52 CEST.
Flavor | Version | Tinstall | Tcheck | Ttotal | Status | Flags |
---|---|---|---|---|---|---|
r-devel-linux-x86_64-debian-clang | 1.0 | 1.94 | 17.52 | 19.46 | NOTE | |
r-devel-linux-x86_64-debian-gcc | 1.0 | 1.27 | 14.06 | 15.33 | NOTE | |
r-devel-linux-x86_64-fedora-clang | 1.0 | 25.02 | NOTE | |||
r-devel-linux-x86_64-fedora-gcc | 1.0 | 23.69 | NOTE | |||
r-devel-windows-x86_64 | 1.0 | 17.00 | 0.00 | 17.00 | NOTE | |
r-patched-linux-x86_64 | 1.0 | 1.85 | 17.11 | 18.96 | NOTE | |
r-release-linux-x86_64 | 1.0 | 1.61 | 18.95 | 20.56 | NOTE | |
r-release-macos-arm64 | 1.0 | 12.00 | NOTE | |||
r-release-macos-x86_64 | 1.0 | 20.00 | NOTE | |||
r-release-windows-x86_64 | 1.0 | 4.00 | 39.00 | 43.00 | NOTE | |
r-oldrel-macos-arm64 | 1.0 | 18.00 | NOTE | |||
r-oldrel-macos-x86_64 | 1.0 | 23.00 | NOTE | |||
r-oldrel-windows-ix86+x86_64 | 1.0 | 4.00 | 22.00 | 26.00 | NOTE |
Version: 1.0
Check: DESCRIPTION meta-information
Result: NOTE
Malformed Description field: should contain one or more complete sentences.
Flavors: r-devel-linux-x86_64-debian-clang, r-devel-linux-x86_64-debian-gcc, r-devel-linux-x86_64-fedora-clang, r-devel-linux-x86_64-fedora-gcc, r-devel-windows-x86_64, r-patched-linux-x86_64, r-release-linux-x86_64, r-release-macos-arm64, r-release-macos-x86_64, r-release-windows-x86_64, r-oldrel-macos-arm64, r-oldrel-macos-x86_64, r-oldrel-windows-ix86+x86_64