Last updated on 2024-03-29 06:56:26 CET.
Flavor | Version | Tinstall | Tcheck | Ttotal | Status | Flags |
---|---|---|---|---|---|---|
r-devel-linux-x86_64-debian-clang | 1.10.0 | 544.97 | 97.63 | 642.60 | OK | |
r-devel-linux-x86_64-debian-gcc | 1.10.0 | 384.53 | 73.53 | 458.06 | OK | |
r-devel-linux-x86_64-fedora-clang | 1.10.0 | 1061.35 | OK | |||
r-devel-linux-x86_64-fedora-gcc | 1.10.0 | 980.69 | OK | |||
r-devel-windows-x86_64 | 1.10.0 | 370.00 | 128.00 | 498.00 | OK | |
r-patched-linux-x86_64 | 1.10.0 | 496.43 | 93.71 | 590.14 | OK | |
r-release-linux-x86_64 | 1.10.0 | 497.88 | 91.19 | 589.07 | OK | |
r-release-macos-arm64 | 1.10.0 | 171.00 | NOTE | |||
r-release-macos-x86_64 | 1.10.0 | 193.00 | NOTE | |||
r-release-windows-x86_64 | 1.10.0 | 393.00 | 157.00 | 550.00 | OK | |
r-oldrel-macos-arm64 | 1.10.0 | 172.00 | NOTE | |||
r-oldrel-windows-x86_64 | 1.10.0 | 443.00 | 141.00 | 584.00 | OK |
Version: 1.10.0
Check: installed package size
Result: NOTE
installed size is 12.1Mb
sub-directories of 1Mb or more:
libs 11.4Mb
Flavors: r-release-macos-arm64, r-release-macos-x86_64, r-oldrel-macos-arm64