Last updated on 2024-03-28 12:50:33 CET.
Flavor | Version | Tinstall | Tcheck | Ttotal | Status | Flags |
---|---|---|---|---|---|---|
r-devel-linux-x86_64-debian-clang | 1.2 | 2.75 | 35.72 | 38.47 | NOTE | |
r-devel-linux-x86_64-debian-gcc | 1.2 | 2.33 | 27.50 | 29.83 | NOTE | |
r-devel-linux-x86_64-fedora-clang | 1.2 | 48.90 | NOTE | |||
r-devel-linux-x86_64-fedora-gcc | 1.2 | 46.88 | NOTE | |||
r-devel-windows-x86_64 | 1.2 | 3.00 | 49.00 | 52.00 | NOTE | |
r-patched-linux-x86_64 | 1.2 | 3.24 | 35.28 | 38.52 | NOTE | |
r-release-linux-x86_64 | 1.2 | 3.27 | 32.64 | 35.91 | OK | |
r-release-macos-arm64 | 1.2 | 18.00 | OK | |||
r-release-macos-x86_64 | 1.2 | 27.00 | OK | |||
r-release-windows-x86_64 | 1.2 | 5.00 | 52.00 | 57.00 | OK | |
r-oldrel-macos-arm64 | 1.2 | 18.00 | OK | |||
r-oldrel-windows-x86_64 | 1.2 | 4.00 | 54.00 | 58.00 | OK |
Version: 1.2
Check: Rd files
Result: NOTE
checkRd: (-1) MatIn.Rd:6: Lost braces
6 | Computation of aggregation matrices for generalized interactions that are used in code{\link{extRC}} to estimate extended RC models.
| ^
checkRd: (-1) plot.Rd:5: Lost braces
5 | \description{It plots the output of code{\link{extRC}} function for a vector of lambda values.}
| ^
checkRd: (-1) print.Rd:5: Lost braces
5 | \description{Given the output of code{\link{extRC}} function, it is written in a readable form.}
| ^
checkRd: (-1) summary.Rd:5: Lost braces
5 | \description{Summary method for the output of code{\link{extRC}} function.}
| ^
Flavors: r-devel-linux-x86_64-debian-clang, r-devel-linux-x86_64-debian-gcc, r-devel-linux-x86_64-fedora-clang, r-devel-linux-x86_64-fedora-gcc, r-devel-windows-x86_64, r-patched-linux-x86_64