Last updated on 2024-04-19 06:03:15 CEST.
Flavor | Version | Tinstall | Tcheck | Ttotal | Status | Flags |
---|---|---|---|---|---|---|
r-devel-linux-x86_64-debian-clang | 1.2.0 | 11.29 | 272.52 | 283.81 | NOTE | |
r-devel-linux-x86_64-debian-gcc | 1.3.0 | OK | ||||
r-devel-linux-x86_64-fedora-clang | 1.3.0 | 390.43 | OK | |||
r-devel-linux-x86_64-fedora-gcc | 1.3.0 | 382.13 | OK | |||
r-prerel-macos-arm64 | 1.3.0 | 115.00 | OK | |||
r-prerel-macos-x86_64 | 1.3.0 | 235.00 | OK | |||
r-prerel-windows-x86_64 | 1.3.0 | 18.00 | 221.00 | 239.00 | OK | |
r-patched-linux-x86_64 | 1.3.0 | 12.79 | 273.72 | 286.51 | OK | |
r-release-linux-x86_64 | 1.2.0 | 9.76 | 263.28 | 273.04 | OK | |
r-release-macos-arm64 | 1.3.0 | 117.00 | OK | |||
r-release-macos-x86_64 | 1.3.0 | 252.00 | OK | |||
r-release-windows-x86_64 | 1.3.0 | 18.00 | 245.00 | 263.00 | OK | |
r-oldrel-macos-arm64 | 1.3.0 | 136.00 | OK | |||
r-oldrel-windows-x86_64 | 1.3.0 | 17.00 | 270.00 | 287.00 | OK |
Version: 1.2.0
Check: HTML version of manual
Result: NOTE
Found the following HTML validation problems:
explain_forest.html:59:1 (explain_forest.Rd:21): Warning: trimming empty <dt>
Flavor: r-devel-linux-x86_64-debian-clang