Last updated on 2025-02-22 12:50:27 CET.
Flavor | Version | Tinstall | Tcheck | Ttotal | Status | Flags |
---|---|---|---|---|---|---|
r-devel-linux-x86_64-debian-clang | 0.53 | 43.70 | 145.53 | 189.23 | NOTE | |
r-devel-linux-x86_64-debian-gcc | 0.53 | 30.85 | 102.57 | 133.42 | NOTE | |
r-devel-linux-x86_64-fedora-clang | 0.53 | 299.41 | OK | |||
r-devel-linux-x86_64-fedora-gcc | 0.53 | 309.45 | OK | |||
r-devel-macos-arm64 | 0.53 | 83.00 | OK | |||
r-devel-macos-x86_64 | 0.53 | 176.00 | OK | |||
r-devel-windows-x86_64 | 0.53 | 43.00 | 162.00 | 205.00 | NOTE | |
r-patched-linux-x86_64 | 0.53 | 46.68 | 135.23 | 181.91 | OK | |
r-release-linux-x86_64 | 0.53 | 41.50 | 136.11 | 177.61 | OK | |
r-release-macos-arm64 | 0.53 | 80.00 | NOTE | |||
r-release-macos-x86_64 | 0.53 | 126.00 | NOTE | |||
r-release-windows-x86_64 | 0.53 | 44.00 | 163.00 | 207.00 | OK | |
r-oldrel-macos-arm64 | 0.53 | 100.00 | NOTE | |||
r-oldrel-macos-x86_64 | 0.53 | 185.00 | NOTE | |||
r-oldrel-windows-x86_64 | 0.53 | 52.00 | 204.00 | 256.00 | OK |
Version: 0.53
Check: Rd cross-references
Result: NOTE
Found the following Rd file(s) with Rd \link{} targets missing package
anchors:
expectreg-package.Rd: BayesX-package, mboost-package
india.bnd.Rd: BayesX-package
northger.bnd.Rd: BayesX-package
Please provide package anchors for all Rd \link{} targets not in the
package itself and the base packages.
Flavors: r-devel-linux-x86_64-debian-clang, r-devel-linux-x86_64-debian-gcc, r-devel-windows-x86_64
Version: 0.53
Check: installed package size
Result: NOTE
installed size is 10.6Mb
sub-directories of 1Mb or more:
libs 9.2Mb
Flavors: r-release-macos-arm64, r-release-macos-x86_64, r-oldrel-macos-arm64, r-oldrel-macos-x86_64