CRAN Package Check Results for Package expands

Last updated on 2020-02-17 12:47:41 CET.

Flavor Version Tinstall Tcheck Ttotal Status Flags
r-devel-linux-x86_64-debian-clang 2.1.2 8.17 438.49 446.66 OK
r-devel-linux-x86_64-debian-gcc 2.1.2 7.63 319.89 327.52 OK
r-devel-linux-x86_64-fedora-clang 2.1.2 500.24 WARN
r-devel-linux-x86_64-fedora-gcc 2.1.2 537.77 OK
r-devel-windows-ix86+x86_64 2.1.2 20.00 88.00 108.00 OK --no-vignettes
r-devel-windows-ix86+x86_64-gcc8 2.1.2 30.00 83.00 113.00 OK --no-vignettes
r-patched-linux-x86_64 2.1.2 7.96 370.75 378.71 OK
r-patched-solaris-x86 2.1.2 512.40 OK
r-release-linux-x86_64 2.1.2 9.40 365.15 374.55 OK
r-release-windows-ix86+x86_64 2.1.2 16.00 78.00 94.00 OK --no-vignettes
r-release-osx-x86_64 2.1.2 OK
r-oldrel-windows-ix86+x86_64 2.1.2 9.00 107.00 116.00 OK --no-vignettes
r-oldrel-osx-x86_64 2.1.2 OK

Check Details

Version: 2.1.2
Check: package dependencies
Result: WARN
    Requires orphaned package: ‘gplots’
Flavor: r-devel-linux-x86_64-fedora-clang