Last updated on 2024-04-20 05:58:52 CEST.
Flavor | Version | Tinstall | Tcheck | Ttotal | Status | Flags |
---|---|---|---|---|---|---|
r-devel-linux-x86_64-debian-clang | 1.3.5 | 83.70 | 35.17 | 118.87 | NOTE | |
r-devel-linux-x86_64-debian-gcc | 1.3.5 | 58.37 | 27.01 | 85.38 | NOTE | |
r-devel-linux-x86_64-fedora-clang | 1.3.5 | 182.60 | NOTE | |||
r-devel-linux-x86_64-fedora-gcc | 1.3.5 | 165.13 | NOTE | |||
r-prerel-macos-arm64 | 1.3.5 | 37.00 | NOTE | |||
r-prerel-windows-x86_64 | 1.3.5 | 63.00 | 69.00 | 132.00 | NOTE | |
r-patched-linux-x86_64 | 1.3.5 | 81.39 | 34.04 | 115.43 | NOTE | |
r-release-linux-x86_64 | 1.3.5 | 75.69 | 34.11 | 109.80 | NOTE | |
r-release-macos-arm64 | 1.3.5 | 42.00 | NOTE | |||
r-release-macos-x86_64 | 1.3.5 | 71.00 | NOTE | |||
r-release-windows-x86_64 | 1.3.5 | 76.00 | 77.00 | 153.00 | NOTE | |
r-oldrel-macos-arm64 | 1.3.5 | 38.00 | OK | |||
r-oldrel-windows-x86_64 | 1.3.5 | 81.00 | 82.00 | 163.00 | OK |
Version: 1.3.5
Check: C++ specification
Result: NOTE
Specified C++11: please drop specification unless essential
Flavors: r-devel-linux-x86_64-debian-clang, r-devel-linux-x86_64-debian-gcc, r-devel-linux-x86_64-fedora-clang, r-devel-linux-x86_64-fedora-gcc, r-prerel-macos-arm64, r-prerel-windows-x86_64, r-patched-linux-x86_64, r-release-linux-x86_64, r-release-macos-arm64, r-release-macos-x86_64, r-release-windows-x86_64