Last updated on 2023-12-05 21:50:37 CET.
Flavor | Version | Tinstall | Tcheck | Ttotal | Status | Flags |
---|---|---|---|---|---|---|
r-devel-linux-x86_64-debian-clang | 0.3.2 | 3.27 | 65.99 | 69.26 | NOTE | |
r-devel-linux-x86_64-debian-gcc | 0.3.2 | 2.36 | 49.04 | 51.40 | NOTE | |
r-devel-linux-x86_64-fedora-clang | 0.3.2 | 90.69 | NOTE | |||
r-devel-linux-x86_64-fedora-gcc | 0.3.2 | 86.15 | NOTE | |||
r-devel-windows-x86_64 | 0.3.2 | 9.00 | 80.00 | 89.00 | NOTE | |
r-patched-linux-x86_64 | 0.3.2 | 3.39 | 67.10 | 70.49 | NOTE | |
r-release-linux-x86_64 | 0.3.2 | 2.92 | 66.28 | 69.20 | NOTE | |
r-release-macos-arm64 | 0.3.2 | 34.00 | NOTE | |||
r-release-macos-x86_64 | 0.3.2 | 50.00 | NOTE | |||
r-release-windows-x86_64 | 0.3.2 | 10.00 | 146.00 | 156.00 | NOTE | |
r-oldrel-macos-arm64 | 0.3.2 | 32.00 | NOTE | |||
r-oldrel-macos-x86_64 | 0.3.2 | 49.00 | NOTE | |||
r-oldrel-windows-x86_64 | 0.3.2 | 10.00 | 98.00 | 108.00 | NOTE |
Version: 0.3.2
Check: LazyData
Result: NOTE
'LazyData' is specified without a 'data' directory
Flavors: r-devel-linux-x86_64-debian-clang, r-devel-linux-x86_64-debian-gcc, r-devel-linux-x86_64-fedora-clang, r-devel-linux-x86_64-fedora-gcc, r-devel-windows-x86_64, r-patched-linux-x86_64, r-release-linux-x86_64, r-release-macos-arm64, r-release-macos-x86_64, r-release-windows-x86_64, r-oldrel-macos-arm64, r-oldrel-macos-x86_64, r-oldrel-windows-x86_64
Version: 0.3.2
Check: installed package size
Result: NOTE
installed size is 14.2Mb
sub-directories of 1Mb or more:
exiftool 14.1Mb
Flavors: r-devel-windows-x86_64, r-release-macos-arm64, r-release-macos-x86_64, r-release-windows-x86_64, r-oldrel-macos-arm64, r-oldrel-macos-x86_64, r-oldrel-windows-x86_64