Last updated on 2023-10-04 20:42:26 CEST.
Flavor | Version | Tinstall | Tcheck | Ttotal | Status | Flags |
---|---|---|---|---|---|---|
r-devel-linux-x86_64-debian-clang | 2.5.5 | 28.76 | 124.25 | 153.01 | NOTE | |
r-devel-linux-x86_64-debian-gcc | 2.5.5 | 21.23 | 93.75 | 114.98 | NOTE | |
r-devel-linux-x86_64-fedora-clang | 2.5.5 | 185.16 | OK | |||
r-devel-linux-x86_64-fedora-gcc | 2.5.5 | 180.99 | OK | |||
r-devel-windows-x86_64 | 2.5.5 | 27.00 | 121.00 | 148.00 | NOTE | |
r-patched-linux-x86_64 | 2.5.5 | 29.53 | 119.47 | 149.00 | NOTE | |
r-release-linux-x86_64 | 2.5.5 | 25.14 | 121.66 | 146.80 | NOTE | |
r-release-macos-arm64 | 2.5.5 | 60.00 | NOTE | |||
r-release-macos-x86_64 | 2.5.5 | 93.00 | NOTE | |||
r-release-windows-x86_64 | 2.5.5 | 46.00 | 146.00 | 192.00 | NOTE | |
r-oldrel-macos-arm64 | 2.5.5 | 57.00 | NOTE | |||
r-oldrel-macos-x86_64 | 2.5.5 | 72.00 | NOTE | |||
r-oldrel-windows-x86_64 | 2.5.5 | 33.00 | 140.00 | 173.00 | NOTE |
Version: 2.5.5
Check: package dependencies
Result: NOTE
Package suggested but not available for checking: ‘INLA’
Flavors: r-devel-linux-x86_64-debian-clang, r-devel-linux-x86_64-debian-gcc, r-devel-windows-x86_64, r-patched-linux-x86_64, r-release-linux-x86_64, r-release-macos-arm64, r-release-macos-x86_64, r-release-windows-x86_64, r-oldrel-macos-arm64, r-oldrel-macos-x86_64, r-oldrel-windows-x86_64