CRAN Package Check Results for Package exceedProb

Last updated on 2022-05-19 21:50:22 CEST.

Flavor Version Tinstall Tcheck Ttotal Status Flags
r-devel-linux-x86_64-debian-clang 0.0.1 30.69 35.22 65.91 NOTE
r-devel-linux-x86_64-debian-gcc 0.0.1 23.52 27.55 51.07 NOTE
r-devel-linux-x86_64-fedora-clang 0.0.1 91.90 NOTE
r-devel-linux-x86_64-fedora-gcc 0.0.1 80.20 NOTE
r-devel-windows-x86_64 0.0.1 33.00 68.00 101.00 NOTE
r-patched-linux-x86_64 0.0.1 25.79 34.37 60.16 NOTE
r-release-linux-x86_64 0.0.1 28.69 34.46 63.15 NOTE
r-release-macos-arm64 0.0.1 24.00 NOTE
r-release-macos-x86_64 0.0.1 33.00 NOTE
r-release-windows-x86_64 0.0.1 38.00 71.00 109.00 NOTE
r-oldrel-macos-arm64 0.0.1 30.00 NOTE
r-oldrel-macos-x86_64 0.0.1 48.00 NOTE
r-oldrel-windows-ix86+x86_64 0.0.1 76.00 69.00 145.00 NOTE

Check Details

Version: 0.0.1
Check: LazyData
Result: NOTE
     'LazyData' is specified without a 'data' directory
Flavors: r-devel-linux-x86_64-debian-clang, r-devel-linux-x86_64-debian-gcc, r-devel-linux-x86_64-fedora-clang, r-devel-linux-x86_64-fedora-gcc, r-devel-windows-x86_64, r-patched-linux-x86_64, r-release-linux-x86_64, r-release-macos-arm64, r-release-macos-x86_64, r-release-windows-x86_64, r-oldrel-macos-arm64, r-oldrel-macos-x86_64, r-oldrel-windows-ix86+x86_64