Last updated on 2024-03-28 12:50:33 CET.
Flavor | Version | Tinstall | Tcheck | Ttotal | Status | Flags |
---|---|---|---|---|---|---|
r-devel-linux-x86_64-debian-clang | 0.10.0 | 120.56 | 453.95 | 574.51 | NOTE | |
r-devel-linux-x86_64-debian-gcc | 0.10.0 | 89.30 | 331.63 | 420.93 | NOTE | |
r-devel-linux-x86_64-fedora-clang | 0.10.0 | 745.82 | NOTE | |||
r-devel-linux-x86_64-fedora-gcc | 0.10.0 | 718.72 | NOTE | |||
r-devel-windows-x86_64 | 0.10.0 | 90.00 | 334.00 | 424.00 | NOTE | |
r-patched-linux-x86_64 | 0.10.0 | 111.16 | 438.38 | 549.54 | NOTE | |
r-release-linux-x86_64 | 0.10.0 | 113.26 | 438.75 | 552.01 | NOTE | |
r-release-macos-arm64 | 0.10.0 | 168.00 | NOTE | |||
r-release-macos-x86_64 | 0.10.0 | 530.00 | NOTE | |||
r-release-windows-x86_64 | 0.10.0 | 111.00 | 456.00 | 567.00 | NOTE | |
r-oldrel-macos-arm64 | 0.10.0 | 155.00 | NOTE | |||
r-oldrel-windows-x86_64 | 0.10.0 | 113.00 | 438.00 | 551.00 | OK |
Version: 0.10.0
Check: C++ specification
Result: NOTE
Specified C++14: please drop specification unless essential
Flavors: r-devel-linux-x86_64-debian-clang, r-devel-linux-x86_64-debian-gcc, r-devel-linux-x86_64-fedora-clang, r-devel-linux-x86_64-fedora-gcc, r-devel-windows-x86_64, r-patched-linux-x86_64, r-release-linux-x86_64, r-release-macos-arm64, r-release-macos-x86_64, r-release-windows-x86_64
Version: 0.10.0
Check: installed package size
Result: NOTE
installed size is 7.5Mb
sub-directories of 1Mb or more:
libs 6.6Mb
Flavors: r-release-macos-arm64, r-release-macos-x86_64, r-oldrel-macos-arm64