CRAN Package Check Results for Package exactextractr

Last updated on 2022-08-13 21:52:48 CEST.

Flavor Version Tinstall Tcheck Ttotal Status Flags
r-devel-linux-x86_64-debian-clang 0.8.2 98.15 389.60 487.75 OK
r-devel-linux-x86_64-debian-gcc 0.8.2 77.91 287.99 365.90 OK
r-devel-linux-x86_64-fedora-clang 0.8.2 660.92 OK
r-devel-linux-x86_64-fedora-gcc 0.8.2 595.55 OK
r-devel-windows-x86_64 0.8.2 148.00 429.00 577.00 OK
r-patched-linux-x86_64 0.8.2 81.95 378.03 459.98 OK
r-release-linux-x86_64 0.8.2 88.07 373.09 461.16 OK
r-release-macos-arm64 0.8.2 140.00 ERROR
r-release-macos-x86_64 0.8.2 198.00 ERROR
r-release-windows-x86_64 0.8.2 148.00 435.00 583.00 OK
r-oldrel-macos-arm64 0.8.2 126.00 NOTE
r-oldrel-macos-x86_64 0.8.2 191.00 NOTE
r-oldrel-windows-ix86+x86_64 0.8.2 247.00 640.00 887.00 NOTE

Check Details

Version: 0.8.2
Check: installed package size
Result: NOTE
     installed size is 7.2Mb
     sub-directories of 1Mb or more:
     libs 6.3Mb
Flavors: r-release-macos-arm64, r-release-macos-x86_64, r-oldrel-macos-arm64, r-oldrel-macos-x86_64, r-oldrel-windows-ix86+x86_64

Version: 0.8.2
Check: tests
Result: ERROR
     Running ‘testthat.R’ [20s/21s]
    Running the tests in ‘tests/testthat.R’ failed.
    Last 13 lines of output:
     ── Error (test_helper_blocksize.R:34:3): blockSize reports block size in row-col order ──
     Error: [writeRaster] invalid driver
     Backtrace:
     ▆
     1. ├─base::suppressWarnings(...) at test_helper_blocksize.R:34:2
     2. │ └─base::withCallingHandlers(...)
     3. ├─terra::writeRaster(...) at test_helper_blocksize.R:35:4
     4. └─terra::writeRaster(...)
     5. └─terra (local) .local(x, filename, ...)
     6. └─terra:::messages(x, "writeRaster")
     7. └─terra:::error(f, x@ptr$getError())
    
     [ FAIL 1 | WARN 0 | SKIP 0 | PASS 437 ]
     Error: Test failures
     Execution halted
Flavor: r-release-macos-arm64

Version: 0.8.2
Check: tests
Result: ERROR
     Running ‘testthat.R’ [28s/28s]
    Running the tests in ‘tests/testthat.R’ failed.
    Last 13 lines of output:
     ── Error (test_helper_blocksize.R:34:3): blockSize reports block size in row-col order ──
     Error: [writeRaster] invalid driver
     Backtrace:
     ▆
     1. ├─base::suppressWarnings(...) at test_helper_blocksize.R:34:2
     2. │ └─base::withCallingHandlers(...)
     3. ├─terra::writeRaster(...) at test_helper_blocksize.R:35:4
     4. └─terra::writeRaster(...)
     5. └─terra (local) .local(x, filename, ...)
     6. └─terra:::messages(x, "writeRaster")
     7. └─terra:::error(f, x@ptr$getError())
    
     [ FAIL 1 | WARN 0 | SKIP 0 | PASS 437 ]
     Error: Test failures
     Execution halted
Flavor: r-release-macos-x86_64