Last updated on 2023-09-25 04:00:41 CEST.
Flavor | Version | Tinstall | Tcheck | Ttotal | Status | Flags |
---|---|---|---|---|---|---|
r-devel-linux-x86_64-debian-clang | 1.6.8 | 9.27 | 108.97 | 118.24 | NOTE | |
r-devel-linux-x86_64-debian-gcc | 1.6.8 | 6.88 | 80.98 | 87.86 | NOTE | |
r-devel-linux-x86_64-fedora-clang | 1.6.8 | 148.05 | NOTE | |||
r-devel-linux-x86_64-fedora-gcc | 1.6.8 | 161.57 | NOTE | |||
r-devel-windows-x86_64 | 1.6.8 | 9.00 | 147.00 | 156.00 | NOTE | |
r-patched-linux-x86_64 | 1.6.8 | 13.01 | 107.44 | 120.45 | OK | |
r-release-linux-x86_64 | 1.6.8 | 6.50 | 106.11 | 112.61 | OK | |
r-release-macos-arm64 | 1.6.8 | 59.00 | OK | |||
r-release-macos-x86_64 | 1.6.8 | 97.00 | OK | |||
r-release-windows-x86_64 | 1.6.8 | 12.00 | 146.00 | 158.00 | OK | |
r-oldrel-macos-arm64 | 1.6.8 | 40.00 | OK | |||
r-oldrel-macos-x86_64 | 1.6.8 | 69.00 | OK | |||
r-oldrel-windows-x86_64 | 1.6.8 | 12.00 | 145.00 | 157.00 | OK |
Version: 1.6.8
Check: Rd \usage sections
Result: NOTE
Documented arguments not in \usage in documentation object 'borrOrderingInternal':
‘n.cntrl’
Functions with \usage entries need to have the appropriate \alias
entries, and all their arguments documented.
The \usage entries must correspond to syntactically valid R code.
See chapter ‘Writing R documentation files’ in the ‘Writing R
Extensions’ manual.
Flavors: r-devel-linux-x86_64-debian-clang, r-devel-linux-x86_64-debian-gcc, r-devel-linux-x86_64-fedora-clang, r-devel-linux-x86_64-fedora-gcc, r-devel-windows-x86_64