CRAN Package Check Results for Package ewoc

Last updated on 2020-10-01 12:49:01 CEST.

Flavor Version Tinstall Tcheck Ttotal Status Flags
r-devel-linux-x86_64-debian-clang 0.3.0 6.61 57.86 64.47 OK
r-devel-linux-x86_64-debian-gcc 0.3.0 5.18 42.87 48.05 OK
r-devel-linux-x86_64-fedora-clang 0.3.0 84.71 NOTE
r-devel-linux-x86_64-fedora-gcc 0.3.0 74.03 NOTE
r-devel-windows-ix86+x86_64 0.3.0 14.00 93.00 107.00 OK
r-patched-linux-x86_64 0.3.0 5.53 52.55 58.08 OK
r-patched-solaris-x86 0.3.0 114.30 NOTE
r-release-linux-x86_64 0.3.0 6.27 52.75 59.02 OK
r-release-macos-x86_64 0.3.0 NOTE
r-release-windows-ix86+x86_64 0.3.0 15.00 94.00 109.00 OK
r-oldrel-macos-x86_64 0.3.0 NOTE
r-oldrel-windows-ix86+x86_64 0.3.0 13.00 92.00 105.00 OK

Check Details

Version: 0.3.0
Check: dependencies in R code
Result: NOTE
    Namespace in Imports field not imported from: ‘parallel’
     All declared Imports should be used.
Flavors: r-devel-linux-x86_64-fedora-clang, r-devel-linux-x86_64-fedora-gcc, r-patched-solaris-x86, r-release-macos-x86_64, r-oldrel-macos-x86_64