CRAN Package Check Results for Package evolqg

Last updated on 2020-02-28 05:50:24 CET.

Flavor Version Tinstall Tcheck Ttotal Status Flags
r-devel-linux-x86_64-debian-clang 0.2-7 36.56 284.94 321.50 OK
r-devel-linux-x86_64-debian-gcc 0.2-7 26.95 207.93 234.88 OK
r-devel-linux-x86_64-fedora-clang 0.2-7 391.87 NOTE
r-devel-linux-x86_64-fedora-gcc 0.2-7 367.69 NOTE
r-devel-windows-ix86+x86_64 0.2-7 72.00 451.00 523.00 OK
r-devel-windows-ix86+x86_64-gcc8 0.2-7 84.00 477.00 561.00 OK
r-patched-linux-x86_64 0.2-7 31.37 243.90 275.27 OK
r-patched-solaris-x86 0.2-7 436.70 NOTE
r-release-linux-x86_64 0.2-7 33.01 242.00 275.01 OK
r-release-windows-ix86+x86_64 0.2-7 77.00 417.00 494.00 OK
r-release-osx-x86_64 0.2-7 NOTE
r-oldrel-windows-ix86+x86_64 0.2-6 57.00 523.00 580.00 OK
r-oldrel-osx-x86_64 0.2-7 ERROR

Check Details

Version: 0.2-7
Check: dependencies in R code
Result: NOTE
    Namespace in Imports field not imported from: ‘Rcpp’
     All declared Imports should be used.
Flavors: r-devel-linux-x86_64-fedora-clang, r-devel-linux-x86_64-fedora-gcc, r-patched-solaris-x86, r-release-osx-x86_64

Version: 0.2-7
Check: whether package can be installed
Result: ERROR
    Installation failed.
Flavor: r-oldrel-osx-x86_64