Last updated on 2023-11-30 21:48:59 CET.
Flavor | Version | Tinstall | Tcheck | Ttotal | Status | Flags |
---|---|---|---|---|---|---|
r-devel-linux-x86_64-debian-clang | 1.2.33 | 2.32 | 35.60 | 37.92 | OK | |
r-devel-linux-x86_64-debian-gcc | 1.2.33 | 2.74 | 26.84 | 29.58 | OK | |
r-devel-linux-x86_64-fedora-clang | 1.2.33 | 48.95 | NOTE | |||
r-devel-linux-x86_64-fedora-gcc | 1.2.33 | 47.28 | NOTE | |||
r-devel-windows-x86_64 | 1.2.33 | 4.00 | 55.00 | 59.00 | OK | |
r-patched-linux-x86_64 | 1.2.33 | 3.86 | 34.54 | 38.40 | OK | |
r-release-linux-x86_64 | 1.2.33 | 2.51 | 35.28 | 37.79 | OK | |
r-release-macos-arm64 | 1.2.33 | 24.00 | OK | |||
r-release-macos-x86_64 | 1.2.33 | 32.00 | OK | |||
r-release-windows-x86_64 | 1.2.33 | 6.00 | 58.00 | 64.00 | OK | |
r-oldrel-macos-arm64 | 1.2.33 | 20.00 | OK | |||
r-oldrel-macos-x86_64 | 1.2.33 | 30.00 | OK | |||
r-oldrel-windows-x86_64 | 1.2.33 | 5.00 | 63.00 | 68.00 | OK |
Version: 1.2.33
Check: data for non-ASCII characters
Result: NOTE
Note: found 10 marked UTF-8 strings
Flavors: r-devel-linux-x86_64-fedora-clang, r-devel-linux-x86_64-fedora-gcc