CRAN Package Check Results for Package evmix

Last updated on 2020-07-08 06:47:36 CEST.

Flavor Version Tinstall Tcheck Ttotal Status Flags
r-devel-linux-x86_64-debian-clang 2.12 31.00 179.16 210.16 OK
r-devel-linux-x86_64-debian-gcc 2.12 25.40 131.94 157.34 OK
r-devel-linux-x86_64-fedora-clang 2.12 256.65 NOTE
r-devel-linux-x86_64-fedora-gcc 2.12 245.54 OK
r-devel-windows-ix86+x86_64 2.12 46.00 162.00 208.00 OK
r-patched-linux-x86_64 2.12 30.79 178.02 208.81 OK
r-patched-solaris-x86 2.12 260.40 NOTE
r-release-linux-x86_64 2.12 28.51 180.41 208.92 OK
r-release-osx-x86_64 2.12 OK
r-release-windows-ix86+x86_64 2.12 43.00 160.00 203.00 OK
r-oldrel-osx-x86_64 2.12 OK
r-oldrel-windows-ix86+x86_64 2.12 42.00 199.00 241.00 OK

Check Details

Version: 2.12
Check: Rd cross-references
Result: NOTE
    Undeclared packages ‘ks’, ‘evd’, ‘ismev’, ‘mixtools’, ‘evir’, ‘smoothtail’ in Rd xrefs
Flavor: r-devel-linux-x86_64-fedora-clang

Version: 2.12
Check: installed package size
Result: NOTE
     installed size is 5.3Mb
     sub-directories of 1Mb or more:
     R 1.3Mb
     doc 3.1Mb
Flavor: r-patched-solaris-x86