Last updated on 2024-08-26 06:48:54 CEST.
Flavor | Version | Tinstall | Tcheck | Ttotal | Status | Flags |
---|---|---|---|---|---|---|
r-devel-linux-x86_64-debian-clang | 1.0.0 | 127.35 | 51.72 | 179.07 | NOTE | |
r-devel-linux-x86_64-debian-gcc | 1.0.0 | 95.54 | 37.64 | 133.18 | NOTE | |
r-devel-linux-x86_64-fedora-clang | 1.0.0 | 365.25 | NOTE | |||
r-devel-linux-x86_64-fedora-gcc | 1.0.0 | 401.09 | NOTE | |||
r-devel-windows-x86_64 | 1.0.0 | 140.00 | 100.00 | 240.00 | NOTE | |
r-patched-linux-x86_64 | 1.0.0 | 125.17 | 49.38 | 174.55 | NOTE | |
r-release-linux-x86_64 | 1.0.0 | 131.28 | 48.86 | 180.14 | NOTE | |
r-release-macos-arm64 | 1.0.0 | 77.00 | NOTE | |||
r-release-macos-x86_64 | 1.0.0 | 76.00 | NOTE | |||
r-release-windows-x86_64 | 1.0.0 | 141.00 | 97.00 | 238.00 | NOTE | |
r-oldrel-macos-arm64 | 1.0.0 | 93.00 | NOTE | |||
r-oldrel-macos-x86_64 | 1.0.0 | 162.00 | NOTE | |||
r-oldrel-windows-x86_64 | 1.0.0 | 169.00 | 113.00 | 282.00 | NOTE |
Version: 1.0.0
Check: C++ specification
Result: NOTE
Specified C++11: please drop specification unless essential
Flavors: r-devel-linux-x86_64-debian-clang, r-devel-linux-x86_64-debian-gcc, r-devel-linux-x86_64-fedora-clang, r-devel-linux-x86_64-fedora-gcc, r-devel-windows-x86_64, r-patched-linux-x86_64, r-release-linux-x86_64, r-release-macos-arm64, r-release-macos-x86_64, r-release-windows-x86_64, r-oldrel-macos-arm64, r-oldrel-macos-x86_64, r-oldrel-windows-x86_64
Version: 1.0.0
Check: Rd files
Result: NOTE
checkRd: (-1) colplot.Rd:52: Lost braces
52 | \item{legend}{should a legend be added? Defaults to code{FALSE}}
| ^
checkRd: (-1) colplot.Rd:56: Lost braces
56 | \item{legend.pretty}{logical: should the legend values produced by \[base]{pretty}? Othewrwise they are exact. Defaults to \code{TRUE}}
| ^
Flavors: r-devel-linux-x86_64-debian-clang, r-devel-linux-x86_64-debian-gcc, r-devel-linux-x86_64-fedora-clang, r-devel-linux-x86_64-fedora-gcc, r-devel-windows-x86_64, r-patched-linux-x86_64, r-release-linux-x86_64, r-release-macos-arm64, r-release-macos-x86_64, r-release-windows-x86_64
Version: 1.0.0
Check: installed package size
Result: NOTE
installed size is 7.1Mb
sub-directories of 1Mb or more:
libs 6.2Mb
Flavors: r-release-macos-arm64, r-release-macos-x86_64, r-oldrel-macos-arm64, r-oldrel-macos-x86_64