Last updated on 2024-08-26 06:48:54 CEST.
Flavor | Version | Tinstall | Tcheck | Ttotal | Status | Flags |
---|---|---|---|---|---|---|
r-devel-linux-x86_64-debian-clang | 1.1.1 | 6.40 | 36.00 | 42.40 | NOTE | |
r-devel-linux-x86_64-debian-gcc | 1.1.1 | 4.25 | 25.65 | 29.90 | NOTE | |
r-devel-linux-x86_64-fedora-clang | 1.1.1 | 68.62 | NOTE | |||
r-devel-linux-x86_64-fedora-gcc | 1.1.1 | 67.42 | NOTE | |||
r-devel-windows-x86_64 | 1.1.1 | 9.00 | 68.00 | 77.00 | NOTE | |
r-patched-linux-x86_64 | 1.1.1 | 7.50 | 33.67 | 41.17 | NOTE | |
r-release-linux-x86_64 | 1.1.1 | 5.97 | 34.13 | 40.10 | NOTE | |
r-release-macos-arm64 | 1.1.1 | 22.00 | NOTE | |||
r-release-macos-x86_64 | 1.1.1 | 36.00 | NOTE | |||
r-release-windows-x86_64 | 1.1.1 | 10.00 | 67.00 | 77.00 | NOTE | |
r-oldrel-macos-arm64 | 1.1.1 | 23.00 | NOTE | |||
r-oldrel-macos-x86_64 | 1.1.1 | 37.00 | NOTE | |||
r-oldrel-windows-x86_64 | 1.1.1 | 11.00 | 73.00 | 84.00 | NOTE |
Version: 1.1.1
Check: package subdirectories
Result: NOTE
Problems with news in ‘NEWS.md’:
No news entries found.
Flavors: r-devel-linux-x86_64-debian-clang, r-devel-linux-x86_64-debian-gcc, r-devel-linux-x86_64-fedora-clang, r-devel-linux-x86_64-fedora-gcc, r-devel-windows-x86_64, r-patched-linux-x86_64, r-release-linux-x86_64, r-release-macos-arm64, r-release-macos-x86_64, r-release-windows-x86_64, r-oldrel-macos-arm64, r-oldrel-macos-x86_64, r-oldrel-windows-x86_64
Version: 1.1.1
Check: LazyData
Result: NOTE
'LazyData' is specified without a 'data' directory
Flavors: r-devel-linux-x86_64-debian-clang, r-devel-linux-x86_64-debian-gcc, r-devel-linux-x86_64-fedora-clang, r-devel-linux-x86_64-fedora-gcc, r-devel-windows-x86_64, r-patched-linux-x86_64, r-release-linux-x86_64, r-release-macos-arm64, r-release-macos-x86_64, r-release-windows-x86_64, r-oldrel-macos-arm64, r-oldrel-macos-x86_64, r-oldrel-windows-x86_64