Last updated on 2024-04-19 06:03:15 CEST.
Flavor | Version | Tinstall | Tcheck | Ttotal | Status | Flags |
---|---|---|---|---|---|---|
r-devel-linux-x86_64-debian-clang | 7.0.2 | 160.49 | 112.53 | 273.02 | OK | |
r-devel-linux-x86_64-debian-gcc | 7.0.2 | OK | ||||
r-devel-linux-x86_64-fedora-clang | 7.0.2 | 402.58 | OK | |||
r-devel-linux-x86_64-fedora-gcc | 7.0.2 | 390.37 | OK | |||
r-prerel-macos-arm64 | 7.0.2 | 81.00 | NOTE | |||
r-prerel-macos-x86_64 | 7.0.2 | 138.00 | NOTE | |||
r-prerel-windows-x86_64 | 7.0.2 | 121.00 | 111.00 | 232.00 | OK | |
r-patched-linux-x86_64 | 7.0.2 | 158.60 | 104.64 | 263.24 | OK | |
r-release-linux-x86_64 | 7.0.2 | 156.18 | 101.06 | 257.24 | OK | |
r-release-macos-arm64 | 7.0.2 | 87.00 | NOTE | |||
r-release-macos-x86_64 | 7.0.2 | 132.00 | NOTE | |||
r-release-windows-x86_64 | 7.0.2 | 151.00 | 142.00 | 293.00 | OK | |
r-oldrel-macos-arm64 | 7.0.2 | 86.00 | NOTE | |||
r-oldrel-windows-x86_64 | 7.0.2 | 147.00 | 138.00 | 285.00 | OK |
Version: 7.0.2
Check: installed package size
Result: NOTE
installed size is 5.7Mb
sub-directories of 1Mb or more:
doc 1.3Mb
libs 3.6Mb
Flavors: r-prerel-macos-arm64, r-prerel-macos-x86_64, r-release-macos-arm64, r-release-macos-x86_64, r-oldrel-macos-arm64