Last updated on 2023-06-05 03:57:55 CEST.
Flavor | Version | Tinstall | Tcheck | Ttotal | Status | Flags |
---|---|---|---|---|---|---|
r-devel-linux-x86_64-debian-clang | 0.1.0 | 13.44 | 423.34 | 436.78 | OK | |
r-devel-linux-x86_64-debian-gcc | 0.1.0 | 13.40 | 335.66 | 349.06 | OK | |
r-devel-linux-x86_64-fedora-clang | 0.1.0 | 528.88 | OK | |||
r-devel-linux-x86_64-fedora-gcc | 0.1.0 | 562.45 | OK | |||
r-devel-windows-x86_64 | 0.1.0 | 14.00 | 291.00 | 305.00 | OK | |
r-patched-linux-x86_64 | 0.1.0 | 15.32 | 417.97 | 433.29 | OK | |
r-release-linux-x86_64 | 0.1.0 | 14.63 | 429.01 | 443.64 | OK | |
r-release-macos-arm64 | 0.1.0 | 194.00 | OK | |||
r-release-macos-x86_64 | 0.1.0 | 316.00 | NOTE | |||
r-release-windows-x86_64 | 0.1.0 | 19.00 | 405.00 | 424.00 | OK | |
r-oldrel-macos-arm64 | 0.1.0 | 154.00 | OK | |||
r-oldrel-macos-x86_64 | 0.1.0 | 200.00 | OK | |||
r-oldrel-windows-x86_64 | 0.1.0 | 19.00 | 400.00 | 419.00 | OK |
Version: 0.1.0
Check: installed package size
Result: NOTE
installed size is 5.4Mb
sub-directories of 1Mb or more:
data 4.8Mb
Flavor: r-release-macos-x86_64