CRAN Package Check Results for Package ess

Last updated on 2024-06-12 21:49:44 CEST.

Flavor Version Tinstall Tcheck Ttotal Status Flags
r-devel-linux-x86_64-debian-clang 1.1.2 49.22 60.00 109.22 NOTE
r-devel-linux-x86_64-debian-gcc 1.1.2 0.38 1.64 2.02 ERROR
r-devel-linux-x86_64-fedora-clang 1.1.2 136.07 NOTE
r-devel-linux-x86_64-fedora-gcc 1.1.2 132.50 NOTE
r-devel-windows-x86_64 1.1.2 33.00 79.00 112.00 NOTE
r-patched-linux-x86_64 1.1.2 36.69 55.02 91.71 NOTE
r-release-linux-x86_64 1.1.2 38.17 54.95 93.12 NOTE
r-release-macos-arm64 1.1.2 36.00 NOTE
r-release-macos-x86_64 1.1.2 46.00 NOTE
r-release-windows-x86_64 1.1.2 34.00 81.00 115.00 NOTE
r-oldrel-macos-arm64 1.1.2 38.00 NOTE
r-oldrel-macos-x86_64 1.1.2 58.00 NOTE
r-oldrel-windows-x86_64 1.1.2 41.00 95.00 136.00 NOTE

Check Details

Version: 1.1.2
Check: C++ specification
Result: NOTE Specified C++11: please drop specification unless essential Flavors: r-devel-linux-x86_64-debian-clang, r-devel-linux-x86_64-fedora-clang, r-devel-linux-x86_64-fedora-gcc, r-devel-windows-x86_64, r-patched-linux-x86_64, r-release-linux-x86_64, r-release-macos-arm64, r-release-macos-x86_64, r-release-windows-x86_64, r-oldrel-macos-arm64, r-oldrel-macos-x86_64, r-oldrel-windows-x86_64

Version: 1.1.2
Check: package dependencies
Result: ERROR Package required but not available: ‘igraph’ See section ‘The DESCRIPTION file’ in the ‘Writing R Extensions’ manual. Flavor: r-devel-linux-x86_64-debian-gcc