Last updated on 2024-04-23 05:58:10 CEST.
Flavor | Version | Tinstall | Tcheck | Ttotal | Status | Flags |
---|---|---|---|---|---|---|
r-devel-linux-x86_64-debian-clang | 1.6.0 | 184.96 | 416.71 | 601.67 | OK | |
r-devel-linux-x86_64-debian-gcc | 1.7.0 | 144.00 | 324.12 | 468.12 | OK | |
r-devel-linux-x86_64-fedora-clang | 1.7.0 | 947.05 | OK | |||
r-devel-linux-x86_64-fedora-gcc | 1.7.0 | 899.84 | OK | |||
r-prerel-macos-arm64 | 1.7.0 | 328.00 | NOTE | |||
r-prerel-macos-x86_64 | 1.7.0 | 573.00 | OK | |||
r-prerel-windows-x86_64 | 1.7.0 | 131.00 | 307.00 | 438.00 | OK | |
r-patched-linux-x86_64 | 1.6.0 | 169.46 | 399.48 | 568.94 | OK | |
r-release-linux-x86_64 | 1.7.0 | 145.79 | 375.16 | 520.95 | OK | |
r-release-macos-arm64 | 1.7.0 | 171.00 | OK | |||
r-release-macos-x86_64 | 1.7.0 | 396.00 | OK | |||
r-release-windows-x86_64 | 1.7.0 | 146.00 | 377.00 | 523.00 | OK | |
r-oldrel-macos-arm64 | 1.3.2 | 211.00 | OK | |||
r-oldrel-windows-x86_64 | 1.3.2 | 113.00 | 341.00 | 454.00 | OK |
Version: 1.7.0
Check: installed package size
Result: NOTE
installed size is 5.0Mb
sub-directories of 1Mb or more:
R 2.1Mb
libs 2.4Mb
Flavor: r-prerel-macos-arm64