Last updated on 2022-07-01 21:49:41 CEST.
Flavor | Version | Tinstall | Tcheck | Ttotal | Status | Flags |
---|---|---|---|---|---|---|
r-devel-linux-x86_64-debian-clang | 0.1.4 | 24.54 | 651.34 | 675.88 | NOTE | |
r-devel-linux-x86_64-debian-gcc | 0.1.4 | 16.77 | 455.47 | 472.24 | NOTE | |
r-devel-linux-x86_64-fedora-clang | 0.1.4 | 758.96 | WARN | |||
r-devel-linux-x86_64-fedora-gcc | 0.1.4 | 771.77 | WARN | |||
r-devel-windows-x86_64 | 0.1.4 | 188.00 | 712.00 | 900.00 | NOTE | |
r-patched-linux-x86_64 | 0.1.4 | 27.37 | 590.95 | 618.32 | NOTE | |
r-release-linux-x86_64 | 0.1.4 | 21.09 | 597.88 | 618.97 | NOTE | |
r-release-macos-arm64 | 0.1.4 | 178.00 | NOTE | |||
r-release-macos-x86_64 | 0.1.4 | 337.00 | NOTE | |||
r-release-windows-x86_64 | 0.1.4 | 182.00 | 736.00 | 918.00 | NOTE | |
r-oldrel-macos-arm64 | 0.1.4 | 344.00 | NOTE | |||
r-oldrel-macos-x86_64 | 0.1.4 | 322.00 | NOTE | |||
r-oldrel-windows-ix86+x86_64 | 0.1.4 | 51.00 | 809.00 | 860.00 | NOTE |
Version: 0.1.4
Check: LazyData
Result: NOTE
'LazyData' is specified without a 'data' directory
Flavors: r-devel-linux-x86_64-debian-clang, r-devel-linux-x86_64-debian-gcc, r-devel-linux-x86_64-fedora-clang, r-devel-linux-x86_64-fedora-gcc, r-devel-windows-x86_64, r-patched-linux-x86_64, r-release-linux-x86_64, r-release-macos-arm64, r-release-macos-x86_64, r-release-windows-x86_64, r-oldrel-macos-arm64, r-oldrel-macos-x86_64, r-oldrel-windows-ix86+x86_64
Version: 0.1.4
Check: package dependencies
Result: WARN
Requires orphaned package: ‘gtools’
Flavors: r-devel-linux-x86_64-fedora-clang, r-devel-linux-x86_64-fedora-gcc
Version: 0.1.4
Check: installed package size
Result: NOTE
installed size is 13.7Mb
sub-directories of 1Mb or more:
doc 13.1Mb
Flavors: r-devel-linux-x86_64-fedora-clang, r-devel-windows-x86_64, r-release-macos-arm64, r-release-macos-x86_64, r-release-windows-x86_64, r-oldrel-macos-arm64, r-oldrel-macos-x86_64, r-oldrel-windows-ix86+x86_64