Last updated on 2023-03-31 12:54:11 CEST.
Flavor | Version | Tinstall | Tcheck | Ttotal | Status | Flags |
---|---|---|---|---|---|---|
r-devel-linux-x86_64-debian-clang | 0.1.4 | 24.76 | 618.77 | 643.53 | NOTE | |
r-devel-linux-x86_64-debian-gcc | 0.1.4 | 16.71 | 452.37 | 469.08 | NOTE | |
r-devel-linux-x86_64-fedora-clang | 0.1.4 | 819.49 | NOTE | |||
r-devel-linux-x86_64-fedora-gcc | 0.1.4 | 822.56 | NOTE | |||
r-devel-windows-x86_64 | 0.1.4 | 162.00 | 721.00 | 883.00 | NOTE | |
r-patched-linux-x86_64 | 0.1.4 | 29.71 | 593.99 | 623.70 | NOTE | |
r-release-linux-x86_64 | 0.1.4 | 17.00 | 593.56 | 610.56 | NOTE | |
r-release-macos-arm64 | 0.1.4 | 178.00 | NOTE | |||
r-release-macos-x86_64 | 0.1.4 | 337.00 | NOTE | |||
r-release-windows-x86_64 | 0.1.4 | 215.00 | 742.00 | 957.00 | NOTE | |
r-oldrel-macos-arm64 | 0.1.4 | 344.00 | NOTE | |||
r-oldrel-macos-x86_64 | 0.1.4 | 322.00 | NOTE | |||
r-oldrel-windows-ix86+x86_64 | 0.1.4 | 31.00 | 23.00 | 54.00 | ERROR |
Version: 0.1.4
Check: LazyData
Result: NOTE
'LazyData' is specified without a 'data' directory
Flavors: r-devel-linux-x86_64-debian-clang, r-devel-linux-x86_64-debian-gcc, r-devel-linux-x86_64-fedora-clang, r-devel-linux-x86_64-fedora-gcc, r-devel-windows-x86_64, r-patched-linux-x86_64, r-release-linux-x86_64, r-release-macos-arm64, r-release-macos-x86_64, r-release-windows-x86_64, r-oldrel-macos-arm64, r-oldrel-macos-x86_64
Version: 0.1.4
Check: installed package size
Result: NOTE
installed size is 13.7Mb
sub-directories of 1Mb or more:
doc 13.1Mb
Flavors: r-devel-linux-x86_64-fedora-clang, r-devel-windows-x86_64, r-release-macos-arm64, r-release-macos-x86_64, r-release-windows-x86_64, r-oldrel-macos-arm64, r-oldrel-macos-x86_64
Version: 0.1.4
Check: whether package can be installed
Result: ERROR
Installation failed.
Flavor: r-oldrel-windows-ix86+x86_64