CRAN Package Check Results for Package ergm.multi

Last updated on 2023-10-05 04:01:45 CEST.

Flavor Version Tinstall Tcheck Ttotal Status Flags
r-devel-linux-x86_64-debian-clang 0.2.0 42.31 553.70 596.01 NOTE
r-devel-linux-x86_64-debian-gcc 0.2.0 28.06 408.12 436.18 NOTE
r-devel-linux-x86_64-fedora-clang 0.2.0 699.66 NOTE
r-devel-linux-x86_64-fedora-gcc 0.2.0 762.54 NOTE
r-devel-windows-x86_64 0.2.0 31.00 380.00 411.00 NOTE
r-patched-linux-x86_64 0.2.0 44.58 524.44 569.02 OK
r-release-linux-x86_64 0.2.0 33.52 516.80 550.32 OK
r-release-macos-arm64 0.2.0 220.00 OK
r-release-macos-x86_64 0.2.0 394.00 OK
r-release-windows-x86_64 0.2.0 39.00 506.00 545.00 OK
r-oldrel-macos-arm64 0.2.0 211.00 OK
r-oldrel-macos-x86_64 0.2.0 309.00 OK
r-oldrel-windows-x86_64 0.2.0 40.00 487.00 527.00 OK

Check Details

Version: 0.2.0
Check: Rd \usage sections
Result: NOTE
    Documented arguments not in \usage in documentation object 'subnetwork_templates':
     ‘nams.vattr’
    
    Functions with \usage entries need to have the appropriate \alias
    entries, and all their arguments documented.
    The \usage entries must correspond to syntactically valid R code.
    See chapter ‘Writing R documentation files’ in the ‘Writing R
    Extensions’ manual.
Flavors: r-devel-linux-x86_64-debian-clang, r-devel-linux-x86_64-debian-gcc, r-devel-linux-x86_64-fedora-clang, r-devel-linux-x86_64-fedora-gcc, r-devel-windows-x86_64