CRAN Package Check Results for Package ergm

Last updated on 2020-07-15 21:48:08 CEST.

Flavor Version Tinstall Tcheck Ttotal Status Flags
r-devel-linux-x86_64-debian-clang 3.10.4 59.15 616.43 675.58 OK
r-devel-linux-x86_64-debian-gcc 3.10.4 51.36 473.97 525.33 OK
r-devel-linux-x86_64-fedora-clang 3.10.4 815.90 NOTE
r-devel-linux-x86_64-fedora-gcc 3.10.4 821.14 OK
r-devel-windows-ix86+x86_64 3.10.4 180.00 168.00 348.00 OK --no-examples --no-tests --no-vignettes
r-patched-linux-x86_64 3.10.4 57.77 594.28 652.05 OK
r-patched-solaris-x86 3.10.4 1171.90 OK
r-release-linux-x86_64 3.10.4 56.81 589.81 646.62 OK
r-release-windows-ix86+x86_64 3.10.4 161.00 166.00 327.00 OK --no-examples --no-tests --no-vignettes
r-oldrel-macos-x86_64 3.10.4 NOTE
r-oldrel-windows-ix86+x86_64 3.10.4 161.00 217.00 378.00 OK --no-examples --no-tests --no-vignettes

Check Details

Version: 3.10.4
Check: installed package size
Result: NOTE
     installed size is 5.6Mb
     sub-directories of 1Mb or more:
     doc 1.6Mb
     libs 2.1Mb
Flavors: r-devel-linux-x86_64-fedora-clang, r-oldrel-macos-x86_64

Version: 3.10.4
Check: package dependencies
Result: NOTE
    Package suggested but not available for checking: ‘Rmpi’
Flavor: r-oldrel-macos-x86_64