Last updated on 2024-04-19 06:03:14 CEST.
Flavor | Version | Tinstall | Tcheck | Ttotal | Status | Flags |
---|---|---|---|---|---|---|
r-devel-linux-x86_64-debian-clang | 2.0.1 | 23.12 | 197.46 | 220.58 | OK | |
r-devel-linux-x86_64-debian-gcc | 2.0.1 | OK | ||||
r-devel-linux-x86_64-fedora-clang | 2.0.1 | 198.90 | NOTE | |||
r-devel-linux-x86_64-fedora-gcc | 2.0.1 | 199.52 | NOTE | |||
r-prerel-macos-arm64 | 2.0.1 | 61.00 | NOTE | |||
r-prerel-windows-x86_64 | 2.0.1 | 20.00 | 164.00 | 184.00 | OK | |
r-patched-linux-x86_64 | 2.0.1 | 24.30 | 182.60 | 206.90 | OK | |
r-release-linux-x86_64 | 2.0.1 | 22.16 | 194.46 | 216.62 | OK | |
r-release-macos-arm64 | 2.0.1 | 71.00 | NOTE | |||
r-release-macos-x86_64 | 2.0.1 | 112.00 | NOTE | |||
r-release-windows-x86_64 | 2.0.1 | 28.00 | 197.00 | 225.00 | OK | |
r-oldrel-macos-arm64 | 2.0.1 | 67.00 | NOTE | |||
r-oldrel-windows-x86_64 | 2.0.1 | 30.00 | 194.00 | 224.00 | OK |
Version: 2.0.1
Check: package dependencies
Result: NOTE
Package suggested but not available for checking: ‘gcspikelite’
Flavors: r-devel-linux-x86_64-fedora-clang, r-devel-linux-x86_64-fedora-gcc, r-prerel-macos-arm64, r-oldrel-macos-arm64
Version: 2.0.1
Check: package dependencies
Result: NOTE
Packages suggested but not available for checking: 'mzR', 'gcspikelite'
Flavors: r-release-macos-arm64, r-release-macos-x86_64