CRAN Package Check Results for Package epitrix

Last updated on 2022-09-28 12:55:16 CEST.

Flavor Version Tinstall Tcheck Ttotal Status Flags
r-devel-linux-x86_64-debian-clang 0.2.2 2.00 33.33 35.33 NOTE
r-devel-linux-x86_64-debian-gcc 0.2.2 1.73 25.31 27.04 NOTE
r-devel-linux-x86_64-fedora-clang 0.2.2 56.07 NOTE
r-devel-linux-x86_64-fedora-gcc 0.2.2 55.28 NOTE
r-devel-windows-x86_64 0.2.2 16.00 62.00 78.00 NOTE
r-patched-linux-x86_64 0.2.2 2.48 31.96 34.44 NOTE
r-release-linux-x86_64 0.2.2 2.02 31.80 33.82 NOTE
r-release-macos-arm64 0.2.2 19.00 NOTE
r-release-macos-x86_64 0.2.2 26.00 NOTE
r-release-windows-x86_64 0.2.2 15.00 62.00 77.00 NOTE
r-oldrel-macos-arm64 0.2.2 23.00 NOTE
r-oldrel-macos-x86_64 0.2.2 35.00 NOTE
r-oldrel-windows-ix86+x86_64 0.2.2 9.00 53.00 62.00 NOTE

Check Details

Version: 0.2.2
Check: LazyData
Result: NOTE
     'LazyData' is specified without a 'data' directory
Flavors: r-devel-linux-x86_64-debian-clang, r-devel-linux-x86_64-debian-gcc, r-devel-linux-x86_64-fedora-clang, r-devel-linux-x86_64-fedora-gcc, r-devel-windows-x86_64, r-patched-linux-x86_64, r-release-linux-x86_64, r-release-macos-arm64, r-release-macos-x86_64, r-release-windows-x86_64, r-oldrel-macos-arm64, r-oldrel-macos-x86_64, r-oldrel-windows-ix86+x86_64