CRAN Package Check Results for Package epiflows

Last updated on 2022-09-24 21:51:01 CEST.

Flavor Version Tinstall Tcheck Ttotal Status Flags
r-devel-linux-x86_64-debian-clang 0.2.0 4.10 90.90 95.00 OK
r-devel-linux-x86_64-debian-gcc 0.2.0 3.91 67.19 71.10 OK
r-devel-linux-x86_64-fedora-clang 0.2.0 122.68 NOTE
r-devel-linux-x86_64-fedora-gcc 0.2.0 128.55 NOTE
r-devel-windows-x86_64 0.2.0 38.00 134.00 172.00 OK
r-patched-linux-x86_64 0.2.0 8.08 85.35 93.43 OK
r-release-linux-x86_64 0.2.0 4.17 86.09 90.26 OK
r-release-macos-arm64 0.2.0 37.00 NOTE
r-release-macos-x86_64 0.2.0 74.00 NOTE
r-release-windows-x86_64 0.2.0 43.00 126.00 169.00 OK
r-oldrel-macos-arm64 0.2.0 92.00 NOTE
r-oldrel-macos-x86_64 0.2.0 62.00 NOTE
r-oldrel-windows-ix86+x86_64 0.2.0 13.00 125.00 138.00 OK

Check Details

Version: 0.2.0
Check: dependencies in R code
Result: NOTE
    Namespace in Imports field not imported from: ‘htmlwidgets’
     All declared Imports should be used.
Flavors: r-devel-linux-x86_64-fedora-clang, r-devel-linux-x86_64-fedora-gcc, r-release-macos-arm64, r-release-macos-x86_64, r-oldrel-macos-arm64, r-oldrel-macos-x86_64