CRAN Package Check Results for Package epifitter

Last updated on 2025-04-16 12:49:31 CEST.

Flavor Version Tinstall Tcheck Ttotal Status Flags
r-devel-linux-x86_64-debian-clang 0.3.0 3.15 61.28 64.43 OK
r-devel-linux-x86_64-debian-gcc 0.3.0 1.95 44.45 46.40 OK
r-devel-linux-x86_64-fedora-clang 0.3.0 102.23 NOTE
r-devel-linux-x86_64-fedora-gcc 0.3.0 109.56 NOTE
r-devel-windows-x86_64 0.3.0 6.00 82.00 88.00 OK
r-patched-linux-x86_64 0.3.0 3.03 58.35 61.38 OK
r-release-linux-x86_64 0.3.0 2.81 59.70 62.51 OK
r-release-macos-arm64 0.3.0 36.00 OK
r-release-macos-x86_64 0.3.0 79.00 OK
r-release-windows-x86_64 0.3.0 5.00 82.00 87.00 OK
r-oldrel-macos-arm64 0.3.0 38.00 OK
r-oldrel-macos-x86_64 0.3.0 58.00 OK
r-oldrel-windows-x86_64 0.3.0 6.00 94.00 100.00 OK

Check Details

Version: 0.3.0
Check: dependencies in R code
Result: NOTE Namespace in Imports field not imported from: ‘knitr’ All declared Imports should be used. Flavors: r-devel-linux-x86_64-fedora-clang, r-devel-linux-x86_64-fedora-gcc